{"id":510,"date":"2024-06-28T18:21:24","date_gmt":"2024-06-28T16:21:24","guid":{"rendered":"https:\/\/batir-en-alu-pro.local\/pros\/?page_id=510"},"modified":"2026-02-25T11:02:13","modified_gmt":"2026-02-25T10:02:13","slug":"demarches-qualite-composants","status":"publish","type":"page","link":"https:\/\/www.batir-en-alu.fr\/pros\/demarches-qualite\/demarches-qualite-composants\/","title":{"rendered":"Les d\u00e9marches qualit\u00e9 pour les composants"},"content":{"rendered":"\n\n\n\t<div class=\"align wp-block-acf-layout-wrap\">\n\n\t\n\n\t\t<div class=\"layout-wrap\" >\n\t\t<div class=\"innerblock\">\n\n\n\n\t<div class=\"align wp-block-acf-paragraphs\">\n\n\t\n\n\t\t<div class=\"paragraphs container\">\n\n\t\t\t\t\t\t\t<div class=\"paragraphs__content\">\n\t\t\t\t\t\t\t\t\t\t\t\t\t\t\t<h2 class=\"paragraphs__content__title h3\">Pour le vitrage : le label CEKAL garantit la qualit\u00e9 du vitrage de votre fen\u00eatre<\/h2>\n\t\t\t\t\t\t\t\t\t\t\t\t\t\t\t\t\t\t\t\t\t\t\t\t\t\t\t\t\t\t\t\t\t\t\t\t\t\t\t\t<div class=\"paragraphs__content__text\"><p>La certification CEKAL atteste de la qualit\u00e9 et de l&#8217;\u00e9tanch\u00e9it\u00e9, pour 10 ans, des vitrages isolants, feuillet\u00e9s et tremp\u00e9s produits par les fabricants certifi\u00e9s. Cette certification est un gage de qualit\u00e9 et de fiabilit\u00e9 pour les vitrages, sur leur performance et leur conformit\u00e9 aux normes en vigueur.<\/p>\n<\/div>\n\t\t\t\t\t\t\t\t\t\t\t\t\t\t\t\t\t\t\t\t\t\t\t\t\t\t\t\t\t\t\t\t\t\t\t\t\t\t\t\t\t\t\t\t\t\t\t\t\t\t\t\t<div class=\"paragraphs__content__button\">\n\t\t\t\t\t\t\t\n\n<a href=\"https:\/\/www.cekal.com\/fr\/\" class=\"button-primary--outline\"  >\n\t\t\t<span class=\"button__text\">\n\t\t\t\t\t\tEn savoir plus \n\t\t<\/span>\n\t\t\t\t<span class=\"button__arrow\">\n\t\t\t<svg xmlns=\"http:\/\/www.w3.org\/2000\/svg\" viewBox=\"0 0 25.426 11.208\"><g data-name=\"Groupe 11\" fill=\"none\" stroke=\"#248cd9\" stroke-width=\"2\"><path data-name=\"Trac\u00e9 16\" d=\"m19.272 10.501 4.739-4.739L18.956.707\"\/><path data-name=\"Ligne 9\" d=\"M0 5.762h24.011\"\/><\/g><\/svg>\n\t\t<\/span>\n\t<\/a>\n\n\t\t\t\t\t\t<\/div>\n\t\t\t\t\t\t\t\t\t\t\t\t\t\t\t\t\t<\/div>\n\t\t\t<\/div>\n\n\t<\/div>\n\n\n\n<hr class=\"wp-block-separator has-text-color has-grey-400-color has-alpha-channel-opacity has-grey-400-background-color has-background is-style-default\"\/>\n\n\n\n\n\n\t<div class=\"align wp-block-acf-paragraphs\">\n\n\t\n\n\t\t<div class=\"paragraphs container\">\n\n\t\t\t\t\t\t\t<div class=\"paragraphs__content\">\n\t\t\t\t\t\t\t\t\t\t\t\t\t\t\t<h2 class=\"paragraphs__content__title h3\">Pour les profil\u00e9s aluminium \u00e0 RPT : le label NF Profil\u00e9s valide la conception, la qualit\u00e9 de fabrication et la r\u00e9sistance m\u00e9canique des profil\u00e9s<\/h2>\n\t\t\t\t\t\t\t\t\t\t\t\t\t\t\t\t\t\t\t\t\t\t\t\t\t\t\t\t\t\t\t\t\t\t\t\t\t\t\t\t<div class=\"paragraphs__content__text\"><p>Les profil\u00e9s aluminium \u00e0 rupture de pont thermique certifi\u00e9s par le label NF Profil\u00e9s, sont reconnus pour leur conception, leur qualit\u00e9 de fabrication et leur r\u00e9sistance m\u00e9canique. Cette certification, \u00e9labor\u00e9e par le SNFA et le CSTB, assure le respect de la norme europ\u00e9enne NF EN 14024 et v\u00e9rifie la qualit\u00e9 du sertissage.&#8221;<\/p>\n<p>Elabor\u00e9e par le\u00a0<a href=\"https:\/\/www.snfa.fr\/\" target=\"_blank\" rel=\"noopener\">SNFA<\/a>\u00a0et le\u00a0<a href=\"https:\/\/www.cstb.fr\/\" target=\"_blank\" rel=\"noopener\">CSTB<\/a>, cette d\u00e9marche qualit\u00e9 assure le respect de la norme produit europ\u00e9enne NF EN 14024 des profil\u00e9s aluminium \u00e0\u00a0rupture de pont thermique.<\/p>\n<\/div>\n\t\t\t\t\t\t\t\t\t\t\t\t\t\t\t\t\t\t\t\t\t\t\t\t\t\t\t\t\t\t\t\t\t\t\t\t\t\t\t\t\t\t\t\t\t\t\t\t\t\t\t\t<div class=\"paragraphs__content__button\">\n\t\t\t\t\t\t\t\n\n<a href=\"https:\/\/www.cstb.fr\/nos-offres\/activites\/evaluation\" class=\"button-primary--outline\"  >\n\t\t\t<span class=\"button__text\">\n\t\t\t\t\t\tEn savoir plus \n\t\t<\/span>\n\t\t\t\t<span class=\"button__arrow\">\n\t\t\t<svg xmlns=\"http:\/\/www.w3.org\/2000\/svg\" viewBox=\"0 0 25.426 11.208\"><g data-name=\"Groupe 11\" fill=\"none\" stroke=\"#248cd9\" stroke-width=\"2\"><path data-name=\"Trac\u00e9 16\" d=\"m19.272 10.501 4.739-4.739L18.956.707\"\/><path data-name=\"Ligne 9\" d=\"M0 5.762h24.011\"\/><\/g><\/svg>\n\t\t<\/span>\n\t<\/a>\n\n\t\t\t\t\t\t<\/div>\n\t\t\t\t\t\t\t\t\t\t\t\t\t\t\t\t\t<\/div>\n\t\t\t<\/div>\n\n\t<\/div>\n\n\n\n<hr class=\"wp-block-separator has-text-color has-grey-400-color has-alpha-channel-opacity has-grey-400-background-color has-background is-style-default\"\/>\n\n\n\n\n\n\t<div class=\"align wp-block-acf-paragraphs\">\n\n\t\n\n\t\t<div class=\"paragraphs container\">\n\n\t\t\t\t\t\t\t<div class=\"paragraphs__content\">\n\t\t\t\t\t\t\t\t\t\t\t\t\t\t\t<h2 class=\"paragraphs__content__title h3\">Pour la finition : le label QUALICOAT et les certifications QUALANOD \/ QUALIMARINE assurent la qualit\u00e9 du traitement de surface de vos menuiseries alu<\/h2>\n\t\t\t\t\t\t\t\t\t\t\t\t\t\t\t\t\t\t\t\t\t\t\t\t\t\t\t\t\t\t\t\t\t\t\t\t\t\t\t\t<div class=\"paragraphs__content__text\"><p><strong>\u202fLe\u202flabel\u202fQUALICOAT et les certifications\u202fQUALANOD \/ QUALIMARINE assurent la qualit\u00e9 du traitement de surface de vos menuiseries aluminium<\/strong><\/p>\n<\/div>\n\t\t\t\t\t\t\t\t\t\t\t\t\t\t\t\t\t\t\t\t\t\t<\/div>\n\t\t\t<\/div>\n\n\t<\/div>\n\n\n\n\n\n\t<div class=\"align wp-block-acf-labels-grid\">\n\n\t\n\n\t\t<div class=\"cards container\">\n\t\t\t\t\t\t\t\t\t\t\t<div class=\"card\">\n\t\t\t\t\t\t\t\t\t\t\t\t\t\t<figure class=\"card__image\">\n\t\t\t\t\t\t\t\t\t\t\t\t<a href=\"https:\/\/www.qualicoat.fr\/label\/6\/QUALICOAT\" target=\"_blank\">\n\t\t\t\t\t\t\t\t\t\t\t\t\t\t\t\t\t\t\t\t\t\t\t\t\t\t\t\t\t\t\t\t\t<\/a>\n\t\t\t\t\t\t\t\t\t\t\t<\/figure>\n\t\t\t\t\t\t\t\t\t\t\t\t\t\t\t\t\t<div class=\"card__text\"><p><strong>Label international, QUALICOAT<\/strong> certifie que le thermolaquage des produits r\u00e9pond \u00e0 des tests normalis\u00e9s, r\u00e9sistant aux conditions climatiques et aux rayons UV, avec un haut niveau de qualit\u00e9 et de performance.<\/p>\n<p>Qualicoat\u00ae est une marque de qualit\u00e9 pour le thermolaquage, un proc\u00e9d\u00e9 qui am\u00e9liore la durabilit\u00e9 et l&#8217;esth\u00e9tique des menuiseries en aluminium.<\/p>\n<\/div>\n\t\t\t\t\t\t\t\t\t\t\t\t\t<div class=\"card__button\">\n\t\t\t\t\t\t\t\n\n<a href=\"https:\/\/www.qualicoat.fr\/label\/6\/QUALICOAT\" class=\"button-primary--outline\" target='_blank'  >\n\t\t\t<span class=\"button__text\">\n\t\t\t\t\t\tEn savoir plus \n\t\t<\/span>\n\t\t\t\t<span class=\"button__arrow\">\n\t\t\t<svg xmlns=\"http:\/\/www.w3.org\/2000\/svg\" viewBox=\"0 0 25.426 11.208\"><g data-name=\"Groupe 11\" fill=\"none\" stroke=\"#248cd9\" stroke-width=\"2\"><path data-name=\"Trac\u00e9 16\" d=\"m19.272 10.501 4.739-4.739L18.956.707\"\/><path data-name=\"Ligne 9\" d=\"M0 5.762h24.011\"\/><\/g><\/svg>\n\t\t<\/span>\n\t<\/a>\n\n\t\t\t\t\t<\/div>\n\t\t\t\t\n\n\t\t\t<\/div>\n\n\t\t\t\t\t\t\t\t\t\t\t<div class=\"card\">\n\t\t\t\t\t\t\t\t\t\t\t\t\t\t<figure class=\"card__image\">\n\t\t\t\t\t\t\t\t\t\t\t\t<a href=\"https:\/\/www.adal-aluminium.fr\/anodisation-qualanod\/\" target=\"_blank\">\n\t\t\t\t\t\t\t\t\t\t\t\t\t\t\t\t<img decoding=\"async\" class=\"img\" src=\"https:\/\/www.batir-en-alu.fr\/pros\/wp-content\/uploads\/sites\/3\/2024\/06\/logo-qualanod.png\" srcset=\"https:\/\/www.batir-en-alu.fr\/pros\/wp-content\/uploads\/sites\/3\/2024\/06\/logo-qualanod.png 207w, https:\/\/www.batir-en-alu.fr\/pros\/wp-content\/uploads\/sites\/3\/2024\/06\/logo-qualanod-150x150.png 150w\" sizes=\"(max-width: 207px) 100vw, 207px\" loading=\"lazy\" alt=\"Qualanod\"\/>\n\t\t\t\t\t\t\t\t\t\t\t\t\t\t\t\t\t\t\t\t<\/a>\n\t\t\t\t\t\t\t\t\t\t\t<\/figure>\n\t\t\t\t\t\t\t\t\t\t\t\t\t\t\t\t\t<div class=\"card__text\"><p><strong>Le Label QUALANOD <\/strong>certifie la qualit\u00e9 des produits en aluminium anodis\u00e9.<\/p>\n<\/div>\n\t\t\t\t\t\t\t\t\t\t\t\t\t<div class=\"card__button\">\n\t\t\t\t\t\t\t\n\n<a href=\"https:\/\/www.adal-aluminium.fr\/anodisation-qualanod\/\" class=\"button-primary--outline\" target='_blank'  >\n\t\t\t<span class=\"button__text\">\n\t\t\t\t\t\tEn savoir plus \n\t\t<\/span>\n\t\t\t\t<span class=\"button__arrow\">\n\t\t\t<svg xmlns=\"http:\/\/www.w3.org\/2000\/svg\" viewBox=\"0 0 25.426 11.208\"><g data-name=\"Groupe 11\" fill=\"none\" stroke=\"#248cd9\" stroke-width=\"2\"><path data-name=\"Trac\u00e9 16\" d=\"m19.272 10.501 4.739-4.739L18.956.707\"\/><path data-name=\"Ligne 9\" d=\"M0 5.762h24.011\"\/><\/g><\/svg>\n\t\t<\/span>\n\t<\/a>\n\n\t\t\t\t\t<\/div>\n\t\t\t\t\n\n\t\t\t<\/div>\n\n\t\t\t\t\t\t\t\t\t\t\t<div class=\"card\">\n\t\t\t\t\t\t\t\t\t\t\t\t\t\t<figure class=\"card__image\">\n\t\t\t\t\t\t\t\t\t\t\t\t<a href=\"https:\/\/www.adal-aluminium.fr\/thermolaquage-qualimarine\/\" target=\"_blank\">\n\t\t\t\t\t\t\t\t\t\t\t\t\t\t\t\t<img decoding=\"async\" class=\"img\" src=\"https:\/\/www.batir-en-alu.fr\/pros\/wp-content\/uploads\/sites\/3\/2024\/06\/380b746c7e78f32363c6b90404f5e52e921931cd@2x-e1719594309170.png\" srcset=\"https:\/\/www.batir-en-alu.fr\/pros\/wp-content\/uploads\/sites\/3\/2024\/06\/380b746c7e78f32363c6b90404f5e52e921931cd@2x-e1719594309170.png 654w, https:\/\/www.batir-en-alu.fr\/pros\/wp-content\/uploads\/sites\/3\/2024\/06\/380b746c7e78f32363c6b90404f5e52e921931cd@2x-e1719594309170-300x76.png 300w\" sizes=\"(max-width: 654px) 100vw, 654px\" loading=\"lazy\" alt=\"Logo Ql Qualimarine\"\/>\n\t\t\t\t\t\t\t\t\t\t\t\t\t\t\t\t\t\t\t\t<\/a>\n\t\t\t\t\t\t\t\t\t\t\t<\/figure>\n\t\t\t\t\t\t\t\t\t\t\t\t\t\t\t\t\t<div class=\"card__text\"><p><strong>La certification Qualimarine<\/strong> atteste de la qualit\u00e9 sup\u00e9rieure des t\u00f4les et profil\u00e9s en aluminium laqu\u00e9s, destin\u00e9s \u00e0 l&#8217;architecture. Elle garantit une ma\u00eetrise de la qualit\u00e9 tout au long de la cha\u00eene de valeur, ind\u00e9pendamment des conditions atmosph\u00e9riques. Cette certification est g\u00e9r\u00e9e et d\u00e9livr\u00e9e par l&#8217;organisme certificateur accr\u00e9dit\u00e9 <a href=\"https:\/\/www.adal-aluminium.fr\/\" target=\"_blank\" rel=\"noopener\">ADAL <\/a>aux entreprises sp\u00e9cialis\u00e9es dans le traitement de surface.<\/p>\n<\/div>\n\t\t\t\t\t\t\t\t\t\t\t\t\t<div class=\"card__button\">\n\t\t\t\t\t\t\t\n\n<a href=\"https:\/\/www.adal-aluminium.fr\/thermolaquage-qualimarine\/\" class=\"button-primary--outline\" target='_blank'  >\n\t\t\t<span class=\"button__text\">\n\t\t\t\t\t\tEn savoir plus \n\t\t<\/span>\n\t\t\t\t<span class=\"button__arrow\">\n\t\t\t<svg xmlns=\"http:\/\/www.w3.org\/2000\/svg\" viewBox=\"0 0 25.426 11.208\"><g data-name=\"Groupe 11\" fill=\"none\" stroke=\"#248cd9\" stroke-width=\"2\"><path data-name=\"Trac\u00e9 16\" d=\"m19.272 10.501 4.739-4.739L18.956.707\"\/><path data-name=\"Ligne 9\" d=\"M0 5.762h24.011\"\/><\/g><\/svg>\n\t\t<\/span>\n\t<\/a>\n\n\t\t\t\t\t<\/div>\n\t\t\t\t\n\n\t\t\t<\/div>\n\n\t\t\t<\/div>\n\n\t<\/div>\n\n\n\n<hr class=\"wp-block-separator has-text-color has-grey-400-color has-alpha-channel-opacity has-grey-400-background-color has-background is-style-default\"\/>\n\n\n\n\n\n\t<div class=\"align wp-block-acf-paragraphs\">\n\n\t\n\n\t\t<div class=\"paragraphs container\">\n\n\t\t\t\t\t<div class=\"paragraphs__left\">\n\n\t\t\t\t\t\t\t\t\t<div class=\"paragraphs__image\">\n\t\t\t\t\t\t\t\t\t\t\t\t\t\t\t\t<img decoding=\"async\" class=\"img\" src=\"https:\/\/www.batir-en-alu.fr\/pros\/wp-content\/uploads\/sites\/3\/2025\/10\/SNJF.png\" srcset=\"https:\/\/www.batir-en-alu.fr\/pros\/wp-content\/uploads\/sites\/3\/2025\/10\/SNJF.png 309w, https:\/\/www.batir-en-alu.fr\/pros\/wp-content\/uploads\/sites\/3\/2025\/10\/SNJF-300x177.png 300w\" sizes=\"(max-width: 309px) 100vw, 309px\" loading=\"lazy\" alt=\"logo SNJF\"\/>\n\t\t\t\t\t\t\t\t\t\t\t\t<\/div>\n\t\t\t\t\n\t\t\t\t\t\t\t<\/div>\n\t\t\t\t\t\t\t<div class=\"paragraphs__content\">\n\t\t\t\t\t\t\t\t\t\t\t\t\t\t\t<h2 class=\"paragraphs__content__title h3\">Pour les mastics : le label SNJF est un v\u00e9ritable gage de qualit\u00e9 pour l\u2019utilisateur<\/h2>\n\t\t\t\t\t\t\t\t\t\t\t\t\t\t\t\t\t\t\t\t\t\t\t\t\t\t\t\t\t\t\t\t\t\t\t\t\t\t\t\t<div class=\"paragraphs__content__text\"><p>La Certification de Conformit\u00e9 &#8220;Label SNJF&#8221; garantit que les produits r\u00e9pondent aux crit\u00e8res de performance et de qualit\u00e9 attendus par les consommateurs. \u00c9valu\u00e9e de mani\u00e8re impartiale selon des r\u00e8gles \u00e9tablies, cette certification est accord\u00e9e par l&#8217;Organisme de Certification du SFJF aux entreprises dont les produits satisfont aux exigences du r\u00e9f\u00e9rentiel.<\/p>\n<p>La certification concerne les :<\/p>\n<ul>\n<li>Mastics de calfeutrement pour l\u2019\u00e9tanch\u00e9it\u00e9 \u00e0 la p\u00e9riph\u00e9rie de la fen\u00eatre<\/li>\n<li>Mastics de collage utilis\u00e9s en vitrage ext\u00e9rieurs coll\u00e9s &#8220;VEC&#8221;<\/li>\n<\/ul>\n<\/div>\n\t\t\t\t\t\t\t\t\t\t\t\t\t\t\t\t\t\t\t\t\t\t\t\t\t\t\t\t\t\t\t\t\t\t\t\t\t\t\t\t\t\t\t\t\t\t\t\t\t\t\t\t<div class=\"paragraphs__content__button\">\n\t\t\t\t\t\t\t\t\n\n<a href=\"https:\/\/www.oc-sfjf.fr\/label-sfjf\/domaines-d-applications.html\" class=\"button-primary--outline\" target='_blank'  >\n\t\t\t<span class=\"button__text\">\n\t\t\t\t\t\tEn savoir plus \n\t\t<\/span>\n\t\t\t\t<span class=\"button__arrow\">\n\t\t\t<svg xmlns=\"http:\/\/www.w3.org\/2000\/svg\" viewBox=\"0 0 25.426 11.208\"><g data-name=\"Groupe 11\" fill=\"none\" stroke=\"#248cd9\" stroke-width=\"2\"><path data-name=\"Trac\u00e9 16\" d=\"m19.272 10.501 4.739-4.739L18.956.707\"\/><path data-name=\"Ligne 9\" d=\"M0 5.762h24.011\"\/><\/g><\/svg>\n\t\t<\/span>\n\t<\/a>\n\n\t\t\t\t\t\t<\/div>\n\t\t\t\t\t\t\t\t\t\t\t\t\t\t\t\t\t<\/div>\n\t\t\t<\/div>\n\n\t<\/div>\n\n<\/div>\n\t<\/div>\n\n\t<\/div>\n","protected":false},"excerpt":{"rendered":"","protected":false},"author":21,"featured_media":0,"parent":332,"menu_order":0,"comment_status":"closed","ping_status":"closed","template":"","meta":{"_acf_changed":false,"footnotes":""},"class_list":["post-510","page","type-page","status-publish","hentry"],"acf":[],"yoast_head":"<!-- This site is optimized with the Yoast SEO plugin v26.9 - https:\/\/yoast.com\/product\/yoast-seo-wordpress\/ -->\n<title>Les d\u00e9marches qualit\u00e9 pour les composants - B\u00e2tir en Alu.fr - Professionnels<\/title>\n<meta name=\"description\" content=\"D\u00e9marches qualit\u00e9 composants aluminium : labels Cekal (vitrage), NF Profil\u00e9s (RPT), Qualicoat, Qualanod, Qualimarine (finition) et SNJF (mastics). Guide SNFA.\" \/>\n<meta name=\"robots\" content=\"index, follow, max-snippet:-1, max-image-preview:large, max-video-preview:-1\" \/>\n<link rel=\"canonical\" href=\"https:\/\/www.batir-en-alu.fr\/pros\/demarches-qualite\/demarches-qualite-composants\/\" \/>\n<meta property=\"og:locale\" content=\"fr_FR\" \/>\n<meta property=\"og:type\" content=\"article\" \/>\n<meta property=\"og:title\" content=\"Les d\u00e9marches qualit\u00e9 pour les composants - B\u00e2tir en Alu.fr - Professionnels\" \/>\n<meta property=\"og:description\" content=\"D\u00e9marches qualit\u00e9 composants aluminium : labels Cekal (vitrage), NF Profil\u00e9s (RPT), Qualicoat, Qualanod, Qualimarine (finition) et SNJF (mastics). Guide SNFA.\" \/>\n<meta property=\"og:url\" content=\"https:\/\/www.batir-en-alu.fr\/pros\/demarches-qualite\/demarches-qualite-composants\/\" \/>\n<meta property=\"og:site_name\" content=\"B\u00e2tir en Alu.fr - Professionnels\" \/>\n<meta property=\"article:modified_time\" content=\"2026-02-25T10:02:13+00:00\" \/>\n<meta name=\"twitter:card\" content=\"summary_large_image\" \/>\n<script type=\"application\/ld+json\" class=\"yoast-schema-graph\">{\"@context\":\"https:\/\/schema.org\",\"@graph\":[{\"@type\":\"WebPage\",\"@id\":\"https:\/\/www.batir-en-alu.fr\/pros\/demarches-qualite\/demarches-qualite-composants\/\",\"url\":\"https:\/\/www.batir-en-alu.fr\/pros\/demarches-qualite\/demarches-qualite-composants\/\",\"name\":\"Les d\u00e9marches qualit\u00e9 pour les composants - B\u00e2tir en Alu.fr - Professionnels\",\"isPartOf\":{\"@id\":\"https:\/\/www.batir-en-alu.fr\/pros\/#website\"},\"datePublished\":\"2024-06-28T16:21:24+00:00\",\"dateModified\":\"2026-02-25T10:02:13+00:00\",\"description\":\"D\u00e9marches qualit\u00e9 composants aluminium : labels Cekal (vitrage), NF Profil\u00e9s (RPT), Qualicoat, Qualanod, Qualimarine (finition) et SNJF (mastics). Guide SNFA.\",\"breadcrumb\":{\"@id\":\"https:\/\/www.batir-en-alu.fr\/pros\/demarches-qualite\/demarches-qualite-composants\/#breadcrumb\"},\"inLanguage\":\"fr-FR\",\"potentialAction\":[{\"@type\":\"ReadAction\",\"target\":[\"https:\/\/www.batir-en-alu.fr\/pros\/demarches-qualite\/demarches-qualite-composants\/\"]}]},{\"@type\":\"BreadcrumbList\",\"@id\":\"https:\/\/www.batir-en-alu.fr\/pros\/demarches-qualite\/demarches-qualite-composants\/#breadcrumb\",\"itemListElement\":[{\"@type\":\"ListItem\",\"position\":1,\"name\":\"\u00b7\u00b7\u00b7\",\"item\":\"https:\/\/www.batir-en-alu.fr\/pros\"},{\"@type\":\"ListItem\",\"position\":2,\"name\":\"B\u00e2tir En Alu\",\"item\":\"https:\/\/www.batir-en-alu.fr\/\"},{\"@type\":\"ListItem\",\"position\":3,\"name\":\"Professionnels\",\"item\":\"https:\/\/www.batir-en-alu.fr\/pros\/\"},{\"@type\":\"ListItem\",\"position\":4,\"name\":\"Les 5 d\u00e9marches qualit\u00e9\",\"item\":\"https:\/\/www.batir-en-alu.fr\/pros\/demarches-qualite\/\"},{\"@type\":\"ListItem\",\"position\":5,\"name\":\"Les d\u00e9marches qualit\u00e9 pour les composants\"}]},{\"@type\":\"WebSite\",\"@id\":\"https:\/\/www.batir-en-alu.fr\/pros\/#website\",\"url\":\"https:\/\/www.batir-en-alu.fr\/pros\/\",\"name\":\"B\u00e2tir en alu Professionnels\",\"description\":\"Professionnels de la Menuiserie aluminium\",\"publisher\":{\"@id\":\"https:\/\/www.batir-en-alu.fr\/pros\/#organization\"},\"potentialAction\":[{\"@type\":\"SearchAction\",\"target\":{\"@type\":\"EntryPoint\",\"urlTemplate\":\"https:\/\/www.batir-en-alu.fr\/pros\/?s={search_term_string}\"},\"query-input\":{\"@type\":\"PropertyValueSpecification\",\"valueRequired\":true,\"valueName\":\"search_term_string\"}}],\"inLanguage\":\"fr-FR\"},{\"@type\":\"Organization\",\"@id\":\"https:\/\/www.batir-en-alu.fr\/pros\/#organization\",\"name\":\"B\u00e2tir en alu Professionnels\",\"url\":\"https:\/\/www.batir-en-alu.fr\/pros\/\",\"logo\":{\"@type\":\"ImageObject\",\"inLanguage\":\"fr-FR\",\"@id\":\"https:\/\/www.batir-en-alu.fr\/pros\/#\/schema\/logo\/image\/\",\"url\":\"https:\/\/www.batir-en-alu.fr\/pros\/wp-content\/uploads\/sites\/3\/2026\/03\/logo-batir-en-alu-pro.webp\",\"contentUrl\":\"https:\/\/www.batir-en-alu.fr\/pros\/wp-content\/uploads\/sites\/3\/2026\/03\/logo-batir-en-alu-pro.webp\",\"width\":276,\"height\":310,\"caption\":\"B\u00e2tir en alu Professionnels\"},\"image\":{\"@id\":\"https:\/\/www.batir-en-alu.fr\/pros\/#\/schema\/logo\/image\/\"}}]}<\/script>\n<!-- \/ Yoast SEO plugin. -->","yoast_head_json":{"title":"Les d\u00e9marches qualit\u00e9 pour les composants - B\u00e2tir en Alu.fr - Professionnels","description":"D\u00e9marches qualit\u00e9 composants aluminium : labels Cekal (vitrage), NF Profil\u00e9s (RPT), Qualicoat, Qualanod, Qualimarine (finition) et SNJF (mastics). Guide SNFA.","robots":{"index":"index","follow":"follow","max-snippet":"max-snippet:-1","max-image-preview":"max-image-preview:large","max-video-preview":"max-video-preview:-1"},"canonical":"https:\/\/www.batir-en-alu.fr\/pros\/demarches-qualite\/demarches-qualite-composants\/","og_locale":"fr_FR","og_type":"article","og_title":"Les d\u00e9marches qualit\u00e9 pour les composants - B\u00e2tir en Alu.fr - Professionnels","og_description":"D\u00e9marches qualit\u00e9 composants aluminium : labels Cekal (vitrage), NF Profil\u00e9s (RPT), Qualicoat, Qualanod, Qualimarine (finition) et SNJF (mastics). Guide SNFA.","og_url":"https:\/\/www.batir-en-alu.fr\/pros\/demarches-qualite\/demarches-qualite-composants\/","og_site_name":"B\u00e2tir en Alu.fr - Professionnels","article_modified_time":"2026-02-25T10:02:13+00:00","twitter_card":"summary_large_image","schema":{"@context":"https:\/\/schema.org","@graph":[{"@type":"WebPage","@id":"https:\/\/www.batir-en-alu.fr\/pros\/demarches-qualite\/demarches-qualite-composants\/","url":"https:\/\/www.batir-en-alu.fr\/pros\/demarches-qualite\/demarches-qualite-composants\/","name":"Les d\u00e9marches qualit\u00e9 pour les composants - B\u00e2tir en Alu.fr - Professionnels","isPartOf":{"@id":"https:\/\/www.batir-en-alu.fr\/pros\/#website"},"datePublished":"2024-06-28T16:21:24+00:00","dateModified":"2026-02-25T10:02:13+00:00","description":"D\u00e9marches qualit\u00e9 composants aluminium : labels Cekal (vitrage), NF Profil\u00e9s (RPT), Qualicoat, Qualanod, Qualimarine (finition) et SNJF (mastics). Guide SNFA.","breadcrumb":{"@id":"https:\/\/www.batir-en-alu.fr\/pros\/demarches-qualite\/demarches-qualite-composants\/#breadcrumb"},"inLanguage":"fr-FR","potentialAction":[{"@type":"ReadAction","target":["https:\/\/www.batir-en-alu.fr\/pros\/demarches-qualite\/demarches-qualite-composants\/"]}]},{"@type":"BreadcrumbList","@id":"https:\/\/www.batir-en-alu.fr\/pros\/demarches-qualite\/demarches-qualite-composants\/#breadcrumb","itemListElement":[{"@type":"ListItem","position":1,"name":"\u00b7\u00b7\u00b7","item":"https:\/\/www.batir-en-alu.fr\/pros"},{"@type":"ListItem","position":2,"name":"B\u00e2tir En Alu","item":"https:\/\/www.batir-en-alu.fr\/"},{"@type":"ListItem","position":3,"name":"Professionnels","item":"https:\/\/www.batir-en-alu.fr\/pros\/"},{"@type":"ListItem","position":4,"name":"Les 5 d\u00e9marches qualit\u00e9","item":"https:\/\/www.batir-en-alu.fr\/pros\/demarches-qualite\/"},{"@type":"ListItem","position":5,"name":"Les d\u00e9marches qualit\u00e9 pour les composants"}]},{"@type":"WebSite","@id":"https:\/\/www.batir-en-alu.fr\/pros\/#website","url":"https:\/\/www.batir-en-alu.fr\/pros\/","name":"B\u00e2tir en alu Professionnels","description":"Professionnels de la Menuiserie aluminium","publisher":{"@id":"https:\/\/www.batir-en-alu.fr\/pros\/#organization"},"potentialAction":[{"@type":"SearchAction","target":{"@type":"EntryPoint","urlTemplate":"https:\/\/www.batir-en-alu.fr\/pros\/?s={search_term_string}"},"query-input":{"@type":"PropertyValueSpecification","valueRequired":true,"valueName":"search_term_string"}}],"inLanguage":"fr-FR"},{"@type":"Organization","@id":"https:\/\/www.batir-en-alu.fr\/pros\/#organization","name":"B\u00e2tir en alu Professionnels","url":"https:\/\/www.batir-en-alu.fr\/pros\/","logo":{"@type":"ImageObject","inLanguage":"fr-FR","@id":"https:\/\/www.batir-en-alu.fr\/pros\/#\/schema\/logo\/image\/","url":"https:\/\/www.batir-en-alu.fr\/pros\/wp-content\/uploads\/sites\/3\/2026\/03\/logo-batir-en-alu-pro.webp","contentUrl":"https:\/\/www.batir-en-alu.fr\/pros\/wp-content\/uploads\/sites\/3\/2026\/03\/logo-batir-en-alu-pro.webp","width":276,"height":310,"caption":"B\u00e2tir en alu Professionnels"},"image":{"@id":"https:\/\/www.batir-en-alu.fr\/pros\/#\/schema\/logo\/image\/"}}]}},"_links":{"self":[{"href":"https:\/\/www.batir-en-alu.fr\/pros\/wp-json\/wp\/v2\/pages\/510","targetHints":{"allow":["GET"]}}],"collection":[{"href":"https:\/\/www.batir-en-alu.fr\/pros\/wp-json\/wp\/v2\/pages"}],"about":[{"href":"https:\/\/www.batir-en-alu.fr\/pros\/wp-json\/wp\/v2\/types\/page"}],"author":[{"embeddable":true,"href":"https:\/\/www.batir-en-alu.fr\/pros\/wp-json\/wp\/v2\/users\/21"}],"replies":[{"embeddable":true,"href":"https:\/\/www.batir-en-alu.fr\/pros\/wp-json\/wp\/v2\/comments?post=510"}],"version-history":[{"count":23,"href":"https:\/\/www.batir-en-alu.fr\/pros\/wp-json\/wp\/v2\/pages\/510\/revisions"}],"predecessor-version":[{"id":1272,"href":"https:\/\/www.batir-en-alu.fr\/pros\/wp-json\/wp\/v2\/pages\/510\/revisions\/1272"}],"up":[{"embeddable":true,"href":"https:\/\/www.batir-en-alu.fr\/pros\/wp-json\/wp\/v2\/pages\/332"}],"wp:attachment":[{"href":"https:\/\/www.batir-en-alu.fr\/pros\/wp-json\/wp\/v2\/media?parent=510"}],"curies":[{"name":"wp","href":"https:\/\/api.w.org\/{rel}","templated":true}]}}