{"id":2594,"date":"2026-03-25T18:56:13","date_gmt":"2026-03-25T17:56:13","guid":{"rendered":"https:\/\/www.batir-en-alu.fr\/pros\/?page_id=2594"},"modified":"2026-03-27T08:31:44","modified_gmt":"2026-03-27T07:31:44","slug":"les-rencontres-de-la-qualite","status":"publish","type":"page","link":"https:\/\/www.batir-en-alu.fr\/pros\/les-rencontres-de-la-qualite\/","title":{"rendered":"Les rencontres de la qualit\u00e9"},"content":{"rendered":"\n\n\n\t<div class=\"align wp-block-acf-layout-wrap\">\n\n\t\n\n\t\t<div class=\"layout-wrap\" >\n\t\t<div class=\"innerblock\">\n\n\n\n\t<div class=\"wp-block-acf-container\">\n\n\t\n\n\t\t<div class=\"container\" >\n\t\t<div class=\"innerblock\">\n\n<figure class=\"wp-block-image size-large\"><img loading=\"lazy\" decoding=\"async\" width=\"1024\" height=\"256\" src=\"https:\/\/www.batir-en-alu.fr\/pros\/wp-content\/uploads\/sites\/3\/2026\/03\/SNFA_Bandeau-Google-Forms_Les-rencontres-de-la-qualite_DEF-1-1024x256.jpg\" alt=\"\" class=\"wp-image-2598\" srcset=\"https:\/\/www.batir-en-alu.fr\/pros\/wp-content\/uploads\/sites\/3\/2026\/03\/SNFA_Bandeau-Google-Forms_Les-rencontres-de-la-qualite_DEF-1-1024x256.jpg 1024w, https:\/\/www.batir-en-alu.fr\/pros\/wp-content\/uploads\/sites\/3\/2026\/03\/SNFA_Bandeau-Google-Forms_Les-rencontres-de-la-qualite_DEF-1-300x75.jpg 300w, https:\/\/www.batir-en-alu.fr\/pros\/wp-content\/uploads\/sites\/3\/2026\/03\/SNFA_Bandeau-Google-Forms_Les-rencontres-de-la-qualite_DEF-1-768x192.jpg 768w, https:\/\/www.batir-en-alu.fr\/pros\/wp-content\/uploads\/sites\/3\/2026\/03\/SNFA_Bandeau-Google-Forms_Les-rencontres-de-la-qualite_DEF-1-1536x384.jpg 1536w, https:\/\/www.batir-en-alu.fr\/pros\/wp-content\/uploads\/sites\/3\/2026\/03\/SNFA_Bandeau-Google-Forms_Les-rencontres-de-la-qualite_DEF-1-2048x512.jpg 2048w\" sizes=\"auto, (max-width: 1024px) 100vw, 1024px\" \/><\/figure>\n\n\n\n<p>D\u00e9couvrez comment allier performance, savoir-faire et durabilit\u00e9 \u00e0 travers un cycle de pl\u00e9ni\u00e8res et de retours d&#8217;exp\u00e9riences ! <\/p>\n\n\n\n<p class=\"has-medium-font-size\" style=\"font-style:normal;font-weight:600\">Enregistrer sa pr\u00e9inscription<\/p>\n\n\n\n<div class=\"wpcf7 no-js\" id=\"wpcf7-f2618-o1\" lang=\"fr-FR\" dir=\"ltr\" data-wpcf7-id=\"2618\">\n<div class=\"screen-reader-response\"><p role=\"status\" aria-live=\"polite\" aria-atomic=\"true\"><\/p> <ul><\/ul><\/div>\n<form action=\"\/pros\/wp-json\/wp\/v2\/pages\/2594#wpcf7-f2618-o1\" method=\"post\" class=\"wpcf7-form init\" aria-label=\"Formulaire de contact\" novalidate=\"novalidate\" data-status=\"init\">\n<fieldset class=\"hidden-fields-container\"><input type=\"hidden\" name=\"_wpcf7\" value=\"2618\" \/><input type=\"hidden\" name=\"_wpcf7_version\" value=\"6.1.5\" \/><input type=\"hidden\" name=\"_wpcf7_locale\" value=\"fr_FR\" \/><input type=\"hidden\" name=\"_wpcf7_unit_tag\" value=\"wpcf7-f2618-o1\" \/><input type=\"hidden\" name=\"_wpcf7_container_post\" value=\"0\" \/><input type=\"hidden\" name=\"_wpcf7_posted_data_hash\" value=\"\" \/><input type=\"hidden\" name=\"_wpcf7_recaptcha_response\" value=\"\" \/>\n<\/fieldset>\n<p>Soci\u00e9t\u00e9 :<br \/>\n<span class=\"wpcf7-form-control-wrap\" data-name=\"your-societe\"><input size=\"40\" maxlength=\"400\" class=\"wpcf7-form-control wpcf7-text wpcf7-validates-as-required\" autocomplete=\"organization\" aria-required=\"true\" aria-invalid=\"false\" value=\"\" type=\"text\" name=\"your-societe\" \/><\/span>\n<\/p>\n<p>Nom et pr\u00e9nom :<br \/>\n<span class=\"wpcf7-form-control-wrap\" data-name=\"your-name\"><input size=\"40\" maxlength=\"400\" class=\"wpcf7-form-control wpcf7-text wpcf7-validates-as-required\" autocomplete=\"name\" aria-required=\"true\" aria-invalid=\"false\" value=\"\" type=\"text\" name=\"your-name\" \/><\/span>\n<\/p>\n<p>E-mail :<br \/>\n<span class=\"wpcf7-form-control-wrap\" data-name=\"your-email\"><input size=\"40\" maxlength=\"400\" class=\"wpcf7-form-control wpcf7-email wpcf7-validates-as-required wpcf7-text wpcf7-validates-as-email\" autocomplete=\"email\" aria-required=\"true\" aria-invalid=\"false\" value=\"\" type=\"email\" name=\"your-email\" \/><\/span>\n<\/p>\n<p>Nom de l'accompagnant :<br \/>\n<span class=\"wpcf7-form-control-wrap\" data-name=\"your-accompagnant\"><input size=\"40\" maxlength=\"400\" class=\"wpcf7-form-control wpcf7-text\" autocomplete=\"accompagnant\" aria-invalid=\"false\" value=\"\" type=\"text\" name=\"your-accompagnant\" \/><\/span>\n<\/p>\n<p><input class=\"wpcf7-form-control wpcf7-submit has-spinner\" type=\"submit\" value=\"S&#039;inscrire\" \/>\n<\/p><div class=\"wpcf7-response-output\" aria-hidden=\"true\"><\/div>\n<\/form>\n<\/div>\n\n\n<\/div>\n\t<\/div>\n\n\t<\/div>\n\n<\/div>\n\t<\/div>\n\n\t<\/div>\n\n\n\n<p><\/p>\n","protected":false},"excerpt":{"rendered":"","protected":false},"author":72,"featured_media":2598,"parent":0,"menu_order":0,"comment_status":"closed","ping_status":"closed","template":"","meta":{"_acf_changed":false,"footnotes":""},"class_list":["post-2594","page","type-page","status-publish","has-post-thumbnail","hentry"],"acf":[],"yoast_head":"<!-- This site is optimized with the Yoast SEO plugin v27.5 - https:\/\/yoast.com\/product\/yoast-seo-wordpress\/ -->\n<title>Les rencontres de la qualit\u00e9 - B\u00e2tir en Alu.fr - Professionnels<\/title>\n<meta name=\"robots\" content=\"index, follow, max-snippet:-1, max-image-preview:large, max-video-preview:-1\" \/>\n<link rel=\"canonical\" href=\"https:\/\/www.batir-en-alu.fr\/pros\/les-rencontres-de-la-qualite\/\" \/>\n<meta property=\"og:locale\" content=\"fr_FR\" \/>\n<meta property=\"og:type\" content=\"article\" \/>\n<meta property=\"og:title\" content=\"Les rencontres de la qualit\u00e9 - B\u00e2tir en Alu.fr - Professionnels\" \/>\n<meta property=\"og:url\" content=\"https:\/\/www.batir-en-alu.fr\/pros\/les-rencontres-de-la-qualite\/\" \/>\n<meta property=\"og:site_name\" content=\"B\u00e2tir en Alu.fr - Professionnels\" \/>\n<meta property=\"article:modified_time\" content=\"2026-03-27T07:31:44+00:00\" \/>\n<meta property=\"og:image\" content=\"https:\/\/www.batir-en-alu.fr\/pros\/wp-content\/uploads\/sites\/3\/2026\/03\/SNFA_Bandeau-Google-Forms_Les-rencontres-de-la-qualite_DEF-1.jpg\" \/>\n\t<meta property=\"og:image:width\" content=\"2500\" \/>\n\t<meta property=\"og:image:height\" content=\"625\" \/>\n\t<meta property=\"og:image:type\" content=\"image\/jpeg\" \/>\n<meta name=\"twitter:card\" content=\"summary_large_image\" \/>\n<meta name=\"twitter:label1\" content=\"Dur\u00e9e de lecture estim\u00e9e\" \/>\n\t<meta name=\"twitter:data1\" content=\"1 minute\" \/>\n<script type=\"application\/ld+json\" class=\"yoast-schema-graph\">{\"@context\":\"https:\\\/\\\/schema.org\",\"@graph\":[{\"@type\":\"WebPage\",\"@id\":\"https:\\\/\\\/www.batir-en-alu.fr\\\/pros\\\/les-rencontres-de-la-qualite\\\/\",\"url\":\"https:\\\/\\\/www.batir-en-alu.fr\\\/pros\\\/les-rencontres-de-la-qualite\\\/\",\"name\":\"Les rencontres de la qualit\u00e9 - B\u00e2tir en Alu.fr - Professionnels\",\"isPartOf\":{\"@id\":\"https:\\\/\\\/www.batir-en-alu.fr\\\/pros\\\/#website\"},\"primaryImageOfPage\":{\"@id\":\"https:\\\/\\\/www.batir-en-alu.fr\\\/pros\\\/les-rencontres-de-la-qualite\\\/#primaryimage\"},\"image\":{\"@id\":\"https:\\\/\\\/www.batir-en-alu.fr\\\/pros\\\/les-rencontres-de-la-qualite\\\/#primaryimage\"},\"thumbnailUrl\":\"https:\\\/\\\/www.batir-en-alu.fr\\\/pros\\\/wp-content\\\/uploads\\\/sites\\\/3\\\/2026\\\/03\\\/SNFA_Bandeau-Google-Forms_Les-rencontres-de-la-qualite_DEF-1.jpg\",\"datePublished\":\"2026-03-25T17:56:13+00:00\",\"dateModified\":\"2026-03-27T07:31:44+00:00\",\"breadcrumb\":{\"@id\":\"https:\\\/\\\/www.batir-en-alu.fr\\\/pros\\\/les-rencontres-de-la-qualite\\\/#breadcrumb\"},\"inLanguage\":\"fr-FR\",\"potentialAction\":[{\"@type\":\"ReadAction\",\"target\":[\"https:\\\/\\\/www.batir-en-alu.fr\\\/pros\\\/les-rencontres-de-la-qualite\\\/\"]}]},{\"@type\":\"ImageObject\",\"inLanguage\":\"fr-FR\",\"@id\":\"https:\\\/\\\/www.batir-en-alu.fr\\\/pros\\\/les-rencontres-de-la-qualite\\\/#primaryimage\",\"url\":\"https:\\\/\\\/www.batir-en-alu.fr\\\/pros\\\/wp-content\\\/uploads\\\/sites\\\/3\\\/2026\\\/03\\\/SNFA_Bandeau-Google-Forms_Les-rencontres-de-la-qualite_DEF-1.jpg\",\"contentUrl\":\"https:\\\/\\\/www.batir-en-alu.fr\\\/pros\\\/wp-content\\\/uploads\\\/sites\\\/3\\\/2026\\\/03\\\/SNFA_Bandeau-Google-Forms_Les-rencontres-de-la-qualite_DEF-1.jpg\",\"width\":2500,\"height\":625},{\"@type\":\"BreadcrumbList\",\"@id\":\"https:\\\/\\\/www.batir-en-alu.fr\\\/pros\\\/les-rencontres-de-la-qualite\\\/#breadcrumb\",\"itemListElement\":[{\"@type\":\"ListItem\",\"position\":1,\"name\":\"\u00b7\u00b7\u00b7\",\"item\":\"https:\\\/\\\/www.batir-en-alu.fr\\\/pros\"},{\"@type\":\"ListItem\",\"position\":2,\"name\":\"B\u00e2tir En Alu\",\"item\":\"https:\\\/\\\/www.batir-en-alu.fr\\\/\"},{\"@type\":\"ListItem\",\"position\":3,\"name\":\"Professionnels\",\"item\":\"https:\\\/\\\/www.batir-en-alu.fr\\\/pros\\\/\"},{\"@type\":\"ListItem\",\"position\":4,\"name\":\"Les rencontres de la qualit\u00e9\"}]},{\"@type\":\"WebSite\",\"@id\":\"https:\\\/\\\/www.batir-en-alu.fr\\\/pros\\\/#website\",\"url\":\"https:\\\/\\\/www.batir-en-alu.fr\\\/pros\\\/\",\"name\":\"B\u00e2tir en alu Professionnels\",\"description\":\"Professionnels de la Menuiserie aluminium\",\"publisher\":{\"@id\":\"https:\\\/\\\/www.batir-en-alu.fr\\\/pros\\\/#organization\"},\"potentialAction\":[{\"@type\":\"SearchAction\",\"target\":{\"@type\":\"EntryPoint\",\"urlTemplate\":\"https:\\\/\\\/www.batir-en-alu.fr\\\/pros\\\/?s={search_term_string}\"},\"query-input\":{\"@type\":\"PropertyValueSpecification\",\"valueRequired\":true,\"valueName\":\"search_term_string\"}}],\"inLanguage\":\"fr-FR\"},{\"@type\":\"Organization\",\"@id\":\"https:\\\/\\\/www.batir-en-alu.fr\\\/pros\\\/#organization\",\"name\":\"B\u00e2tir en alu Professionnels\",\"url\":\"https:\\\/\\\/www.batir-en-alu.fr\\\/pros\\\/\",\"logo\":{\"@type\":\"ImageObject\",\"inLanguage\":\"fr-FR\",\"@id\":\"https:\\\/\\\/www.batir-en-alu.fr\\\/pros\\\/#\\\/schema\\\/logo\\\/image\\\/\",\"url\":\"https:\\\/\\\/www.batir-en-alu.fr\\\/pros\\\/wp-content\\\/uploads\\\/sites\\\/3\\\/2026\\\/03\\\/logo-batir-en-alu-pro.webp\",\"contentUrl\":\"https:\\\/\\\/www.batir-en-alu.fr\\\/pros\\\/wp-content\\\/uploads\\\/sites\\\/3\\\/2026\\\/03\\\/logo-batir-en-alu-pro.webp\",\"width\":276,\"height\":310,\"caption\":\"B\u00e2tir en alu Professionnels\"},\"image\":{\"@id\":\"https:\\\/\\\/www.batir-en-alu.fr\\\/pros\\\/#\\\/schema\\\/logo\\\/image\\\/\"}}]}<\/script>\n<!-- \/ Yoast SEO plugin. -->","yoast_head_json":{"title":"Les rencontres de la qualit\u00e9 - B\u00e2tir en Alu.fr - Professionnels","robots":{"index":"index","follow":"follow","max-snippet":"max-snippet:-1","max-image-preview":"max-image-preview:large","max-video-preview":"max-video-preview:-1"},"canonical":"https:\/\/www.batir-en-alu.fr\/pros\/les-rencontres-de-la-qualite\/","og_locale":"fr_FR","og_type":"article","og_title":"Les rencontres de la qualit\u00e9 - B\u00e2tir en Alu.fr - Professionnels","og_url":"https:\/\/www.batir-en-alu.fr\/pros\/les-rencontres-de-la-qualite\/","og_site_name":"B\u00e2tir en Alu.fr - Professionnels","article_modified_time":"2026-03-27T07:31:44+00:00","og_image":[{"width":2500,"height":625,"url":"https:\/\/www.batir-en-alu.fr\/pros\/wp-content\/uploads\/sites\/3\/2026\/03\/SNFA_Bandeau-Google-Forms_Les-rencontres-de-la-qualite_DEF-1.jpg","type":"image\/jpeg"}],"twitter_card":"summary_large_image","twitter_misc":{"Dur\u00e9e de lecture estim\u00e9e":"1 minute"},"schema":{"@context":"https:\/\/schema.org","@graph":[{"@type":"WebPage","@id":"https:\/\/www.batir-en-alu.fr\/pros\/les-rencontres-de-la-qualite\/","url":"https:\/\/www.batir-en-alu.fr\/pros\/les-rencontres-de-la-qualite\/","name":"Les rencontres de la qualit\u00e9 - B\u00e2tir en Alu.fr - Professionnels","isPartOf":{"@id":"https:\/\/www.batir-en-alu.fr\/pros\/#website"},"primaryImageOfPage":{"@id":"https:\/\/www.batir-en-alu.fr\/pros\/les-rencontres-de-la-qualite\/#primaryimage"},"image":{"@id":"https:\/\/www.batir-en-alu.fr\/pros\/les-rencontres-de-la-qualite\/#primaryimage"},"thumbnailUrl":"https:\/\/www.batir-en-alu.fr\/pros\/wp-content\/uploads\/sites\/3\/2026\/03\/SNFA_Bandeau-Google-Forms_Les-rencontres-de-la-qualite_DEF-1.jpg","datePublished":"2026-03-25T17:56:13+00:00","dateModified":"2026-03-27T07:31:44+00:00","breadcrumb":{"@id":"https:\/\/www.batir-en-alu.fr\/pros\/les-rencontres-de-la-qualite\/#breadcrumb"},"inLanguage":"fr-FR","potentialAction":[{"@type":"ReadAction","target":["https:\/\/www.batir-en-alu.fr\/pros\/les-rencontres-de-la-qualite\/"]}]},{"@type":"ImageObject","inLanguage":"fr-FR","@id":"https:\/\/www.batir-en-alu.fr\/pros\/les-rencontres-de-la-qualite\/#primaryimage","url":"https:\/\/www.batir-en-alu.fr\/pros\/wp-content\/uploads\/sites\/3\/2026\/03\/SNFA_Bandeau-Google-Forms_Les-rencontres-de-la-qualite_DEF-1.jpg","contentUrl":"https:\/\/www.batir-en-alu.fr\/pros\/wp-content\/uploads\/sites\/3\/2026\/03\/SNFA_Bandeau-Google-Forms_Les-rencontres-de-la-qualite_DEF-1.jpg","width":2500,"height":625},{"@type":"BreadcrumbList","@id":"https:\/\/www.batir-en-alu.fr\/pros\/les-rencontres-de-la-qualite\/#breadcrumb","itemListElement":[{"@type":"ListItem","position":1,"name":"\u00b7\u00b7\u00b7","item":"https:\/\/www.batir-en-alu.fr\/pros"},{"@type":"ListItem","position":2,"name":"B\u00e2tir En Alu","item":"https:\/\/www.batir-en-alu.fr\/"},{"@type":"ListItem","position":3,"name":"Professionnels","item":"https:\/\/www.batir-en-alu.fr\/pros\/"},{"@type":"ListItem","position":4,"name":"Les rencontres de la qualit\u00e9"}]},{"@type":"WebSite","@id":"https:\/\/www.batir-en-alu.fr\/pros\/#website","url":"https:\/\/www.batir-en-alu.fr\/pros\/","name":"B\u00e2tir en alu Professionnels","description":"Professionnels de la Menuiserie aluminium","publisher":{"@id":"https:\/\/www.batir-en-alu.fr\/pros\/#organization"},"potentialAction":[{"@type":"SearchAction","target":{"@type":"EntryPoint","urlTemplate":"https:\/\/www.batir-en-alu.fr\/pros\/?s={search_term_string}"},"query-input":{"@type":"PropertyValueSpecification","valueRequired":true,"valueName":"search_term_string"}}],"inLanguage":"fr-FR"},{"@type":"Organization","@id":"https:\/\/www.batir-en-alu.fr\/pros\/#organization","name":"B\u00e2tir en alu Professionnels","url":"https:\/\/www.batir-en-alu.fr\/pros\/","logo":{"@type":"ImageObject","inLanguage":"fr-FR","@id":"https:\/\/www.batir-en-alu.fr\/pros\/#\/schema\/logo\/image\/","url":"https:\/\/www.batir-en-alu.fr\/pros\/wp-content\/uploads\/sites\/3\/2026\/03\/logo-batir-en-alu-pro.webp","contentUrl":"https:\/\/www.batir-en-alu.fr\/pros\/wp-content\/uploads\/sites\/3\/2026\/03\/logo-batir-en-alu-pro.webp","width":276,"height":310,"caption":"B\u00e2tir en alu Professionnels"},"image":{"@id":"https:\/\/www.batir-en-alu.fr\/pros\/#\/schema\/logo\/image\/"}}]}},"_links":{"self":[{"href":"https:\/\/www.batir-en-alu.fr\/pros\/wp-json\/wp\/v2\/pages\/2594","targetHints":{"allow":["GET"]}}],"collection":[{"href":"https:\/\/www.batir-en-alu.fr\/pros\/wp-json\/wp\/v2\/pages"}],"about":[{"href":"https:\/\/www.batir-en-alu.fr\/pros\/wp-json\/wp\/v2\/types\/page"}],"author":[{"embeddable":true,"href":"https:\/\/www.batir-en-alu.fr\/pros\/wp-json\/wp\/v2\/users\/72"}],"replies":[{"embeddable":true,"href":"https:\/\/www.batir-en-alu.fr\/pros\/wp-json\/wp\/v2\/comments?post=2594"}],"version-history":[{"count":18,"href":"https:\/\/www.batir-en-alu.fr\/pros\/wp-json\/wp\/v2\/pages\/2594\/revisions"}],"predecessor-version":[{"id":2634,"href":"https:\/\/www.batir-en-alu.fr\/pros\/wp-json\/wp\/v2\/pages\/2594\/revisions\/2634"}],"wp:featuredmedia":[{"embeddable":true,"href":"https:\/\/www.batir-en-alu.fr\/pros\/wp-json\/wp\/v2\/media\/2598"}],"wp:attachment":[{"href":"https:\/\/www.batir-en-alu.fr\/pros\/wp-json\/wp\/v2\/media?parent=2594"}],"curies":[{"name":"wp","href":"https:\/\/api.w.org\/{rel}","templated":true}]}}