{"id":1783,"date":"2025-11-14T11:24:40","date_gmt":"2025-11-14T10:24:40","guid":{"rendered":"https:\/\/snfa.grouperougevif.fr\/pros\/?page_id=1783"},"modified":"2026-02-25T10:41:26","modified_gmt":"2026-02-25T09:41:26","slug":"les-cloisons-mobiles","status":"publish","type":"page","link":"https:\/\/www.batir-en-alu.fr\/pros\/menuiserie-aluminium\/la-cloison-modulaire\/les-cloisons-mobiles\/","title":{"rendered":"Les cloisons mobiles ou &#8220;mur mobile&#8221;"},"content":{"rendered":"\n\n\n\t<div class=\"align wp-block-acf-layout-wrap\">\n\n\t\n\n\t\t<div class=\"layout-wrap\" >\n\t\t<div class=\"innerblock\">\n\n\n\n\t<div class=\"align wp-block-acf-paragraphs\">\n\n\t\n\n\t\t<div class=\"paragraphs container\">\n\n\t\t\t\t\t<div class=\"paragraphs__left\">\n\n\t\t\t\t\t\t\t\t\t<div class=\"paragraphs__image\">\n\t\t\t\t\t\t\t\t\t\t\t\t\t\t\t\t<img decoding=\"async\" class=\"img\" src=\"https:\/\/www.batir-en-alu.fr\/pros\/wp-content\/uploads\/sites\/3\/2025\/12\/Photo-4-Algaflex-libre-droit.jpg\" srcset=\"https:\/\/www.batir-en-alu.fr\/pros\/wp-content\/uploads\/sites\/3\/2025\/12\/Photo-4-Algaflex-libre-droit.jpg 600w, https:\/\/www.batir-en-alu.fr\/pros\/wp-content\/uploads\/sites\/3\/2025\/12\/Photo-4-Algaflex-libre-droit-300x225.jpg 300w\" sizes=\"(max-width: 600px) 100vw, 600px\" loading=\"lazy\" alt=\"Les cloisons mobiles\"\/>\n\t\t\t\t\t\t\t\t\t\t\t\t<\/div>\n\t\t\t\t\n\t\t\t\t\t\t\t<\/div>\n\t\t\t\t\t\t\t<div class=\"paragraphs__content\">\n\t\t\t\t\t\t\t\t\t\t\t\t\t\t\t\t\t\t\t\t<div class=\"paragraphs__content__text\"><p><strong>Les cloisons mobiles,\u00a0commun\u00e9ment\u00a0appel\u00e9es &#8220;murs mobiles&#8221;, sont facilement man\u0153uvrables <\/strong><strong>par une seule personne, elles permettent de s\u00e9parer ou de r\u00e9unir en un temps tr\u00e8s court des locaux contigus. Les r\u00e8gles professionnelles &#8220;cloisons mobiles&#8221;,\u00a0r\u00e9dig\u00e9es par le SNFA puis approuv\u00e9es\u00a0en 2007\u00a0par l&#8217;Agence Qualit\u00e9 Construction (AQC),\u00a0constituent les r\u00e8gles de l&#8217;art en mati\u00e8re de conception, fabrication et installation.<\/strong><\/p>\n<\/div>\n\t\t\t\t\t\t\t\t\t\t\t\t\t\t\t\t\t\t\t\t\t\t<\/div>\n\t\t\t<\/div>\n\n\t<\/div>\n\n\n\n\n\n\t<div class=\"align wp-block-acf-paragraphs\">\n\n\t\n\n\t\t<div class=\"paragraphs container\">\n\n\t\t\t\t\t\t\t<div class=\"paragraphs__content\">\n\t\t\t\t\t\t\t\t\t\t\t\t\t\t\t<h3 class=\"paragraphs__content__title h3\">S\u00e9parez vos espaces de vie au gr\u00e9 de vos envies<\/h3>\n\t\t\t\t\t\t\t\t\t\t\t\t\t\t\t\t\t\t\t\t\t\t\t\t\t\t\t\t\t\t\t\t\t\t\t\t\t\t\t\t<div class=\"paragraphs__content__text\"><p>Les cloisons mobiles offrent une grande souplesse d&#8217;utilisation pour moduler le cloisonnement des espaces sans empi\u00e9ter sur leurs volumes. Elles sont souvent qualifi\u00e9es de murs mobiles car elles se d\u00e9placent dans un syst\u00e8me fix\u00e9 \u00e0 la structure du b\u00e2timent (rails de guidage) ; elles sont non porteuses et r\u00e8gnent sur la hauteur entre plancher et plafond.<\/p>\n<\/div>\n\t\t\t\t\t\t\t\t\t\t\t\t\t\t\t\t\t\t\t\t\t\t<\/div>\n\t\t\t<\/div>\n\n\t<\/div>\n\n\n\n\n\n\t<div class=\"align wp-block-acf-paragraphs\">\n\n\t\n\n\t\t<div class=\"paragraphs container\">\n\n\t\t\t\t\t\t\t<div class=\"paragraphs__content\">\n\t\t\t\t\t\t\t\t\t\t\t\t\t\t\t<h3 class=\"paragraphs__content__title h3\">Le mur mobile, un produit sur-mesure<\/h3>\n\t\t\t\t\t\t\t\t\t\t\t\t\t\t\t\t\t\t\t\t\t\t\t\t\t\t\t\t\t\t\t\t\t\t\t\t\t\t\t\t<div class=\"paragraphs__content__text\"><p>La cloison mobile r\u00e9pond \u00e0 tous les besoins en termes de modularit\u00e9, de s\u00e9curit\u00e9, de confort acoustique et d&#8217;esth\u00e9tique. Son ossature (cadre et rail) est con\u00e7ue \u00e0 l&#8217;aide de profil\u00e9s aluminium. L\u00e9ger et ind\u00e9formable, ce mat\u00e9riau offre une excellente r\u00e9sistance m\u00e9canique et permet d&#8217;int\u00e9grer aussi bien des modules pleins ou vitr\u00e9s qu&#8217;un bloc-porte.<\/p>\n<p>C\u00f4t\u00e9 pratique, les fabricants proposent des cloisons mobiles coulissantes, glissant le long d&#8217;une paroi, et des mod\u00e8les en accord\u00e9on ou repliables. Leur man\u0153uvre peut s&#8217;effectuer m\u00e9caniquement ou par l&#8217;installation de syst\u00e8mes \u00e9lectriques. Salle de r\u00e9union, bureau, gymnase, mus\u00e9e, h\u00f4tel, auditorium&#8230; le mur mobile s&#8217;int\u00e8gre parfaitement dans tous les projets d&#8217;am\u00e9nagement.<\/p>\n<\/div>\n\t\t\t\t\t\t\t\t\t\t\t\t\t\t\t\t\t\t\t\t\t\t\t\t\t\t\t\t\t\t<h3 class=\"paragraphs__content__title h3\">Les r\u00e8gles professionnelles cloisons mobiles<\/h3>\n\t\t\t\t\t\t\t\t\t\t\t\t\t\t\t\t\t\t\t\t\t\t\t\t\t\t\t\t\t\t\t\t\t\t\t\t\t\t\t\t<div class=\"paragraphs__content__text\"><p>En l\u2019absence d&#8217;une norme officielle, les r\u00e8gles techniques de la conception et mise en \u0153uvre des murs mobiles ont \u00e9t\u00e9 r\u00e9dig\u00e9es par les entreprises adh\u00e9rentes du SNFA, en collaboration avec le CSTB, les bureaux de contr\u00f4le et les unions et syndicats de la FFB. Approuv\u00e9es par la commission pr\u00e9vention produit de l\u2019Agence Qualit\u00e9 Construction (AQC), celles-ci pr\u00e9cisent :<\/p>\n<ul>\n<li>les mat\u00e9riaux, produits utilisables et leurs performances (crit\u00e8res de mise en place, man\u0153uvre, mobilit\u00e9, stabilit\u00e9, endurance, isolation acoustique, r\u00e9sistance et r\u00e9action au feu),<\/li>\n<li>les dispositions constructives,<\/li>\n<li>les conditions requises pour la mise en \u0153uvre sur chantier,<\/li>\n<li>les conditions de mise en \u0153uvre sur chantier.<\/li>\n<\/ul>\n<\/div>\n\t\t\t\t\t\t\t\t\t\t\t\t\t\t\t\t\t\t\t\t\t\t\t\t\t\t\t\t\t\t\t\t\t\t\t\t\t\t\t\t\t\t\t\t\t\t\t\t\t\t\t\t<div class=\"paragraphs__content__button\">\n\t\t\t\t\t\t\t\t\n\n<a href=\"https:\/\/www.batir-en-alu.fr\/pros\/wp-content\/uploads\/sites\/3\/2026\/02\/regles_professionnelles_cloisons_mobiles_2007_07.pdf\" class=\"button-primary--outline\" target='_blank'  >\n\t\t\t<span class=\"button__text\">\n\t\t\t\t\t\tT\u00e9l\u00e9charger les r\u00e8gles professionnelles pour les murs mobiles\n\t\t<\/span>\n\t\t\t\t<span class=\"button__arrow\">\n\t\t\t<svg xmlns=\"http:\/\/www.w3.org\/2000\/svg\" viewBox=\"0 0 25.426 11.208\"><g data-name=\"Groupe 11\" fill=\"none\" stroke=\"#248cd9\" stroke-width=\"2\"><path data-name=\"Trac\u00e9 16\" d=\"m19.272 10.501 4.739-4.739L18.956.707\"\/><path data-name=\"Ligne 9\" d=\"M0 5.762h24.011\"\/><\/g><\/svg>\n\t\t<\/span>\n\t<\/a>\n\n\t\t\t\t\t\t<\/div>\n\t\t\t\t\t\t\t\t\t\t\t\t\t\t\t\t\t\t\t\t\t\t\t\t\t\t\t\t\t\t<div class=\"paragraphs__content__text\"><p>&nbsp;<\/p>\n<\/div>\n\t\t\t\t\t\t\t\t\t\t\t\t\t\t\t\t\t\t\t\t\t\t\t\t\t\t\t\t\t\t<h3 class=\"paragraphs__content__title h3\">Une d\u00e9marche qualit\u00e9 encadrant la r\u00e9alisation des murs mobiles<\/h3>\n\t\t\t\t\t\t\t\t\t\t\t\t\t\t\t\t\t\t\t\t\t\t\t\t\t\t\t\t\t\t\t\t\t\t\t\t\t\t\t\t<div class=\"paragraphs__content__text\"><p>Les exigences du r\u00e9f\u00e9rentiel technique des cloisons mobiles sont encadr\u00e9es par une d\u00e9marche qualit\u00e9. Celle-ci justifie \u00e0 la fois de la conformit\u00e9 des syst\u00e8mes utilis\u00e9s et de la capacit\u00e9 du fabricant \u00e0 r\u00e9aliser une cloison modulaire respectant en tout point les r\u00e8gles professionnelles.<\/p>\n<\/div>\n\t\t\t\t\t\t\t\t\t\t\t\t\t\t\t\t\t\t\t\t\t\t<\/div>\n\t\t\t<\/div>\n\n\t<\/div>\n\n\n\n\n<style>\n\t#block_1d04810cf71ca39abdad0352561cad05{height:16px;}\n<\/style>\n\n\t<div class=\"align wp-block-acf-spacer\" id=\"block_1d04810cf71ca39abdad0352561cad05\">\n\n\t\n\n\t\t\n\t<\/div>\n\n<\/div>\n\t<\/div>\n\n\t<\/div>\n","protected":false},"excerpt":{"rendered":"","protected":false},"author":21,"featured_media":1774,"parent":1775,"menu_order":0,"comment_status":"closed","ping_status":"closed","template":"","meta":{"_acf_changed":false,"footnotes":""},"class_list":["post-1783","page","type-page","status-publish","has-post-thumbnail","hentry"],"acf":[],"yoast_head":"<!-- This site is optimized with the Yoast SEO plugin v26.9 - https:\/\/yoast.com\/product\/yoast-seo-wordpress\/ -->\n<title>Les cloisons mobiles ou &quot;mur mobile&quot; - B\u00e2tir en Alu.fr - Professionnels<\/title>\n<meta name=\"description\" content=\"Cloisons mobiles et murs mobiles en aluminium : s\u00e9parez ou r\u00e9unissez vos espaces en un instant. Coulissantes ou repliables, conformes aux r\u00e8gles professionnelles.\" \/>\n<meta name=\"robots\" content=\"index, follow, max-snippet:-1, max-image-preview:large, max-video-preview:-1\" \/>\n<link rel=\"canonical\" href=\"https:\/\/www.batir-en-alu.fr\/pros\/menuiserie-aluminium\/la-cloison-modulaire\/les-cloisons-mobiles\/\" \/>\n<meta property=\"og:locale\" content=\"fr_FR\" \/>\n<meta property=\"og:type\" content=\"article\" \/>\n<meta property=\"og:title\" content=\"Les cloisons mobiles ou &quot;mur mobile&quot; - B\u00e2tir en Alu.fr - Professionnels\" \/>\n<meta property=\"og:description\" content=\"Cloisons mobiles et murs mobiles en aluminium : s\u00e9parez ou r\u00e9unissez vos espaces en un instant. Coulissantes ou repliables, conformes aux r\u00e8gles professionnelles.\" \/>\n<meta property=\"og:url\" content=\"https:\/\/www.batir-en-alu.fr\/pros\/menuiserie-aluminium\/la-cloison-modulaire\/les-cloisons-mobiles\/\" \/>\n<meta property=\"og:site_name\" content=\"B\u00e2tir en Alu.fr - Professionnels\" \/>\n<meta property=\"article:modified_time\" content=\"2026-02-25T09:41:26+00:00\" \/>\n<meta property=\"og:image\" content=\"https:\/\/www.batir-en-alu.fr\/pros\/wp-content\/uploads\/sites\/3\/2025\/11\/Photo-4-Algaflex-libre-droit.jpg\" \/>\n\t<meta property=\"og:image:width\" content=\"1024\" \/>\n\t<meta property=\"og:image:height\" content=\"768\" \/>\n\t<meta property=\"og:image:type\" content=\"image\/jpeg\" \/>\n<meta name=\"twitter:card\" content=\"summary_large_image\" \/>\n<meta name=\"twitter:label1\" content=\"Dur\u00e9e de lecture estim\u00e9e\" \/>\n\t<meta name=\"twitter:data1\" content=\"1 minute\" \/>\n<script type=\"application\/ld+json\" class=\"yoast-schema-graph\">{\"@context\":\"https:\/\/schema.org\",\"@graph\":[{\"@type\":\"WebPage\",\"@id\":\"https:\/\/www.batir-en-alu.fr\/pros\/menuiserie-aluminium\/la-cloison-modulaire\/les-cloisons-mobiles\/\",\"url\":\"https:\/\/www.batir-en-alu.fr\/pros\/menuiserie-aluminium\/la-cloison-modulaire\/les-cloisons-mobiles\/\",\"name\":\"Les cloisons mobiles ou \\\"mur mobile\\\" - B\u00e2tir en Alu.fr - Professionnels\",\"isPartOf\":{\"@id\":\"https:\/\/www.batir-en-alu.fr\/pros\/#website\"},\"primaryImageOfPage\":{\"@id\":\"https:\/\/www.batir-en-alu.fr\/pros\/menuiserie-aluminium\/la-cloison-modulaire\/les-cloisons-mobiles\/#primaryimage\"},\"image\":{\"@id\":\"https:\/\/www.batir-en-alu.fr\/pros\/menuiserie-aluminium\/la-cloison-modulaire\/les-cloisons-mobiles\/#primaryimage\"},\"thumbnailUrl\":\"https:\/\/www.batir-en-alu.fr\/pros\/wp-content\/uploads\/sites\/3\/2025\/11\/Photo-4-Algaflex-libre-droit.jpg\",\"datePublished\":\"2025-11-14T10:24:40+00:00\",\"dateModified\":\"2026-02-25T09:41:26+00:00\",\"description\":\"Cloisons mobiles et murs mobiles en aluminium : s\u00e9parez ou r\u00e9unissez vos espaces en un instant. Coulissantes ou repliables, conformes aux r\u00e8gles professionnelles.\",\"breadcrumb\":{\"@id\":\"https:\/\/www.batir-en-alu.fr\/pros\/menuiserie-aluminium\/la-cloison-modulaire\/les-cloisons-mobiles\/#breadcrumb\"},\"inLanguage\":\"fr-FR\",\"potentialAction\":[{\"@type\":\"ReadAction\",\"target\":[\"https:\/\/www.batir-en-alu.fr\/pros\/menuiserie-aluminium\/la-cloison-modulaire\/les-cloisons-mobiles\/\"]}]},{\"@type\":\"ImageObject\",\"inLanguage\":\"fr-FR\",\"@id\":\"https:\/\/www.batir-en-alu.fr\/pros\/menuiserie-aluminium\/la-cloison-modulaire\/les-cloisons-mobiles\/#primaryimage\",\"url\":\"https:\/\/www.batir-en-alu.fr\/pros\/wp-content\/uploads\/sites\/3\/2025\/11\/Photo-4-Algaflex-libre-droit.jpg\",\"contentUrl\":\"https:\/\/www.batir-en-alu.fr\/pros\/wp-content\/uploads\/sites\/3\/2025\/11\/Photo-4-Algaflex-libre-droit.jpg\",\"width\":1024,\"height\":768,\"caption\":\"Cloisons mobiles\"},{\"@type\":\"BreadcrumbList\",\"@id\":\"https:\/\/www.batir-en-alu.fr\/pros\/menuiserie-aluminium\/la-cloison-modulaire\/les-cloisons-mobiles\/#breadcrumb\",\"itemListElement\":[{\"@type\":\"ListItem\",\"position\":1,\"name\":\"\u00b7\u00b7\u00b7\",\"item\":\"https:\/\/www.batir-en-alu.fr\/pros\"},{\"@type\":\"ListItem\",\"position\":2,\"name\":\"B\u00e2tir En Alu\",\"item\":\"https:\/\/www.batir-en-alu.fr\/\"},{\"@type\":\"ListItem\",\"position\":3,\"name\":\"Professionnels\",\"item\":\"https:\/\/www.batir-en-alu.fr\/pros\/\"},{\"@type\":\"ListItem\",\"position\":4,\"name\":\"La menuiserie aluminium\",\"item\":\"https:\/\/www.batir-en-alu.fr\/pros\/menuiserie-aluminium\/\"},{\"@type\":\"ListItem\",\"position\":5,\"name\":\"La cloison modulaire\",\"item\":\"https:\/\/www.batir-en-alu.fr\/pros\/menuiserie-aluminium\/la-cloison-modulaire\/\"},{\"@type\":\"ListItem\",\"position\":6,\"name\":\"Les cloisons mobiles ou &#8220;mur mobile&#8221;\"}]},{\"@type\":\"WebSite\",\"@id\":\"https:\/\/www.batir-en-alu.fr\/pros\/#website\",\"url\":\"https:\/\/www.batir-en-alu.fr\/pros\/\",\"name\":\"B\u00e2tir en alu Professionnels\",\"description\":\"Professionnels de la Menuiserie aluminium\",\"publisher\":{\"@id\":\"https:\/\/www.batir-en-alu.fr\/pros\/#organization\"},\"potentialAction\":[{\"@type\":\"SearchAction\",\"target\":{\"@type\":\"EntryPoint\",\"urlTemplate\":\"https:\/\/www.batir-en-alu.fr\/pros\/?s={search_term_string}\"},\"query-input\":{\"@type\":\"PropertyValueSpecification\",\"valueRequired\":true,\"valueName\":\"search_term_string\"}}],\"inLanguage\":\"fr-FR\"},{\"@type\":\"Organization\",\"@id\":\"https:\/\/www.batir-en-alu.fr\/pros\/#organization\",\"name\":\"B\u00e2tir en alu Professionnels\",\"url\":\"https:\/\/www.batir-en-alu.fr\/pros\/\",\"logo\":{\"@type\":\"ImageObject\",\"inLanguage\":\"fr-FR\",\"@id\":\"https:\/\/www.batir-en-alu.fr\/pros\/#\/schema\/logo\/image\/\",\"url\":\"https:\/\/www.batir-en-alu.fr\/pros\/wp-content\/uploads\/sites\/3\/2026\/03\/logo-batir-en-alu-pro.webp\",\"contentUrl\":\"https:\/\/www.batir-en-alu.fr\/pros\/wp-content\/uploads\/sites\/3\/2026\/03\/logo-batir-en-alu-pro.webp\",\"width\":276,\"height\":310,\"caption\":\"B\u00e2tir en alu Professionnels\"},\"image\":{\"@id\":\"https:\/\/www.batir-en-alu.fr\/pros\/#\/schema\/logo\/image\/\"}}]}<\/script>\n<!-- \/ Yoast SEO plugin. -->","yoast_head_json":{"title":"Les cloisons mobiles ou \"mur mobile\" - B\u00e2tir en Alu.fr - Professionnels","description":"Cloisons mobiles et murs mobiles en aluminium : s\u00e9parez ou r\u00e9unissez vos espaces en un instant. Coulissantes ou repliables, conformes aux r\u00e8gles professionnelles.","robots":{"index":"index","follow":"follow","max-snippet":"max-snippet:-1","max-image-preview":"max-image-preview:large","max-video-preview":"max-video-preview:-1"},"canonical":"https:\/\/www.batir-en-alu.fr\/pros\/menuiserie-aluminium\/la-cloison-modulaire\/les-cloisons-mobiles\/","og_locale":"fr_FR","og_type":"article","og_title":"Les cloisons mobiles ou \"mur mobile\" - B\u00e2tir en Alu.fr - Professionnels","og_description":"Cloisons mobiles et murs mobiles en aluminium : s\u00e9parez ou r\u00e9unissez vos espaces en un instant. Coulissantes ou repliables, conformes aux r\u00e8gles professionnelles.","og_url":"https:\/\/www.batir-en-alu.fr\/pros\/menuiserie-aluminium\/la-cloison-modulaire\/les-cloisons-mobiles\/","og_site_name":"B\u00e2tir en Alu.fr - Professionnels","article_modified_time":"2026-02-25T09:41:26+00:00","og_image":[{"width":1024,"height":768,"url":"https:\/\/www.batir-en-alu.fr\/pros\/wp-content\/uploads\/sites\/3\/2025\/11\/Photo-4-Algaflex-libre-droit.jpg","type":"image\/jpeg"}],"twitter_card":"summary_large_image","twitter_misc":{"Dur\u00e9e de lecture estim\u00e9e":"1 minute"},"schema":{"@context":"https:\/\/schema.org","@graph":[{"@type":"WebPage","@id":"https:\/\/www.batir-en-alu.fr\/pros\/menuiserie-aluminium\/la-cloison-modulaire\/les-cloisons-mobiles\/","url":"https:\/\/www.batir-en-alu.fr\/pros\/menuiserie-aluminium\/la-cloison-modulaire\/les-cloisons-mobiles\/","name":"Les cloisons mobiles ou \"mur mobile\" - B\u00e2tir en Alu.fr - Professionnels","isPartOf":{"@id":"https:\/\/www.batir-en-alu.fr\/pros\/#website"},"primaryImageOfPage":{"@id":"https:\/\/www.batir-en-alu.fr\/pros\/menuiserie-aluminium\/la-cloison-modulaire\/les-cloisons-mobiles\/#primaryimage"},"image":{"@id":"https:\/\/www.batir-en-alu.fr\/pros\/menuiserie-aluminium\/la-cloison-modulaire\/les-cloisons-mobiles\/#primaryimage"},"thumbnailUrl":"https:\/\/www.batir-en-alu.fr\/pros\/wp-content\/uploads\/sites\/3\/2025\/11\/Photo-4-Algaflex-libre-droit.jpg","datePublished":"2025-11-14T10:24:40+00:00","dateModified":"2026-02-25T09:41:26+00:00","description":"Cloisons mobiles et murs mobiles en aluminium : s\u00e9parez ou r\u00e9unissez vos espaces en un instant. Coulissantes ou repliables, conformes aux r\u00e8gles professionnelles.","breadcrumb":{"@id":"https:\/\/www.batir-en-alu.fr\/pros\/menuiserie-aluminium\/la-cloison-modulaire\/les-cloisons-mobiles\/#breadcrumb"},"inLanguage":"fr-FR","potentialAction":[{"@type":"ReadAction","target":["https:\/\/www.batir-en-alu.fr\/pros\/menuiserie-aluminium\/la-cloison-modulaire\/les-cloisons-mobiles\/"]}]},{"@type":"ImageObject","inLanguage":"fr-FR","@id":"https:\/\/www.batir-en-alu.fr\/pros\/menuiserie-aluminium\/la-cloison-modulaire\/les-cloisons-mobiles\/#primaryimage","url":"https:\/\/www.batir-en-alu.fr\/pros\/wp-content\/uploads\/sites\/3\/2025\/11\/Photo-4-Algaflex-libre-droit.jpg","contentUrl":"https:\/\/www.batir-en-alu.fr\/pros\/wp-content\/uploads\/sites\/3\/2025\/11\/Photo-4-Algaflex-libre-droit.jpg","width":1024,"height":768,"caption":"Cloisons mobiles"},{"@type":"BreadcrumbList","@id":"https:\/\/www.batir-en-alu.fr\/pros\/menuiserie-aluminium\/la-cloison-modulaire\/les-cloisons-mobiles\/#breadcrumb","itemListElement":[{"@type":"ListItem","position":1,"name":"\u00b7\u00b7\u00b7","item":"https:\/\/www.batir-en-alu.fr\/pros"},{"@type":"ListItem","position":2,"name":"B\u00e2tir En Alu","item":"https:\/\/www.batir-en-alu.fr\/"},{"@type":"ListItem","position":3,"name":"Professionnels","item":"https:\/\/www.batir-en-alu.fr\/pros\/"},{"@type":"ListItem","position":4,"name":"La menuiserie aluminium","item":"https:\/\/www.batir-en-alu.fr\/pros\/menuiserie-aluminium\/"},{"@type":"ListItem","position":5,"name":"La cloison modulaire","item":"https:\/\/www.batir-en-alu.fr\/pros\/menuiserie-aluminium\/la-cloison-modulaire\/"},{"@type":"ListItem","position":6,"name":"Les cloisons mobiles ou &#8220;mur mobile&#8221;"}]},{"@type":"WebSite","@id":"https:\/\/www.batir-en-alu.fr\/pros\/#website","url":"https:\/\/www.batir-en-alu.fr\/pros\/","name":"B\u00e2tir en alu Professionnels","description":"Professionnels de la Menuiserie aluminium","publisher":{"@id":"https:\/\/www.batir-en-alu.fr\/pros\/#organization"},"potentialAction":[{"@type":"SearchAction","target":{"@type":"EntryPoint","urlTemplate":"https:\/\/www.batir-en-alu.fr\/pros\/?s={search_term_string}"},"query-input":{"@type":"PropertyValueSpecification","valueRequired":true,"valueName":"search_term_string"}}],"inLanguage":"fr-FR"},{"@type":"Organization","@id":"https:\/\/www.batir-en-alu.fr\/pros\/#organization","name":"B\u00e2tir en alu Professionnels","url":"https:\/\/www.batir-en-alu.fr\/pros\/","logo":{"@type":"ImageObject","inLanguage":"fr-FR","@id":"https:\/\/www.batir-en-alu.fr\/pros\/#\/schema\/logo\/image\/","url":"https:\/\/www.batir-en-alu.fr\/pros\/wp-content\/uploads\/sites\/3\/2026\/03\/logo-batir-en-alu-pro.webp","contentUrl":"https:\/\/www.batir-en-alu.fr\/pros\/wp-content\/uploads\/sites\/3\/2026\/03\/logo-batir-en-alu-pro.webp","width":276,"height":310,"caption":"B\u00e2tir en alu Professionnels"},"image":{"@id":"https:\/\/www.batir-en-alu.fr\/pros\/#\/schema\/logo\/image\/"}}]}},"_links":{"self":[{"href":"https:\/\/www.batir-en-alu.fr\/pros\/wp-json\/wp\/v2\/pages\/1783","targetHints":{"allow":["GET"]}}],"collection":[{"href":"https:\/\/www.batir-en-alu.fr\/pros\/wp-json\/wp\/v2\/pages"}],"about":[{"href":"https:\/\/www.batir-en-alu.fr\/pros\/wp-json\/wp\/v2\/types\/page"}],"author":[{"embeddable":true,"href":"https:\/\/www.batir-en-alu.fr\/pros\/wp-json\/wp\/v2\/users\/21"}],"replies":[{"embeddable":true,"href":"https:\/\/www.batir-en-alu.fr\/pros\/wp-json\/wp\/v2\/comments?post=1783"}],"version-history":[{"count":22,"href":"https:\/\/www.batir-en-alu.fr\/pros\/wp-json\/wp\/v2\/pages\/1783\/revisions"}],"predecessor-version":[{"id":2384,"href":"https:\/\/www.batir-en-alu.fr\/pros\/wp-json\/wp\/v2\/pages\/1783\/revisions\/2384"}],"up":[{"embeddable":true,"href":"https:\/\/www.batir-en-alu.fr\/pros\/wp-json\/wp\/v2\/pages\/1775"}],"wp:featuredmedia":[{"embeddable":true,"href":"https:\/\/www.batir-en-alu.fr\/pros\/wp-json\/wp\/v2\/media\/1774"}],"wp:attachment":[{"href":"https:\/\/www.batir-en-alu.fr\/pros\/wp-json\/wp\/v2\/media?parent=1783"}],"curies":[{"name":"wp","href":"https:\/\/api.w.org\/{rel}","templated":true}]}}