{"id":1294,"date":"2025-10-30T16:59:14","date_gmt":"2025-10-30T15:59:14","guid":{"rendered":"https:\/\/snfa.grouperougevif.fr\/pros\/?page_id=1294"},"modified":"2026-02-25T10:31:31","modified_gmt":"2026-02-25T09:31:31","slug":"demarche-de-tracabilite-aluc","status":"publish","type":"page","link":"https:\/\/www.batir-en-alu.fr\/pros\/demarches-environnementales\/demarche-de-tracabilite-aluc\/","title":{"rendered":"D\u00e9marche de tra\u00e7abilit\u00e9 Alu+C-"},"content":{"rendered":"\n\n\n\t<div class=\"align wp-block-acf-layout-wrap\">\n\n\t\n\n\t\t<div class=\"layout-wrap\" >\n\t\t<div class=\"innerblock\">\n\n\n\n\t<div class=\"align wp-block-acf-paragraphs\">\n\n\t\n\n\t\t<div class=\"paragraphs container\">\n\n\t\t\t\t\t<div class=\"paragraphs__left\">\n\n\t\t\t\t\t\t\t\t\t<div class=\"paragraphs__image\">\n\t\t\t\t\t\t\t\t\t\t\t\t\t\t\t\t<img decoding=\"async\" class=\"img\" src=\"https:\/\/www.batir-en-alu.fr\/pros\/wp-content\/uploads\/sites\/3\/2024\/07\/logo_aluC-_couleur@2x.png\" srcset=\"https:\/\/www.batir-en-alu.fr\/pros\/wp-content\/uploads\/sites\/3\/2024\/07\/logo_aluC-_couleur@2x.png 470w, https:\/\/www.batir-en-alu.fr\/pros\/wp-content\/uploads\/sites\/3\/2024\/07\/logo_aluC-_couleur@2x-300x202.png 300w\" sizes=\"(max-width: 470px) 100vw, 470px\" loading=\"lazy\" alt=\"alu+C-\"\/>\n\t\t\t\t\t\t\t\t\t\t\t\t<\/div>\n\t\t\t\t\n\t\t\t\t\t\t\t<\/div>\n\t\t\t\t\t\t\t<div class=\"paragraphs__content\">\n\t\t\t\t\t\t\t\t\t\t\t\t\t\t\t\t\t\t\t\t<div class=\"paragraphs__content__text\"><p>Afin d&#8217;anticiper les exigences de la RE2020, le SNFA et le GFA (Groupement des Fileurs Aluminium) ont d\u00e9fini une d\u00e9marche volontaire, appel\u00e9e Alu+C-, visant \u00e0 optimiser l&#8217;empreinte carbone des fen\u00eatres et fa\u00e7ades r\u00e9alis\u00e9es en profil\u00e9 aluminium.<br \/>\nL&#8217;objectif : proposer des produits aluminium b\u00e9n\u00e9ficiant d&#8217;une empreinte carbone ma\u00eetris\u00e9e gr\u00e2ce \u00e0 des crit\u00e8res d\u00e9finis, \u00e0 la fois sur l&#8217;approvisionnement et sur le processus de filage. <\/p>\n<p>Cette d\u00e9marche est essentielle pour les Fiches de D\u00e9claration Environnementales et Sanitaires (FDES) qui \u00e9valuent l&#8217;empreinte carbone des b\u00e2timents construits selon les exigences de la RE2020.<\/p>\n<p>Ainsi, la d\u00e9marche Alu+C- nourrit le calcul des FDES collectives du SNFA afin d&#8217;en am\u00e9liorer l&#8217;empreinte carbone sur l&#8217;ensemble du cycle de vie des produits, de l&#8217;extraction des mati\u00e8res premi\u00e8res jusqu&#8217;aux b\u00e9n\u00e9fices de son recyclage en fin de vie. <\/p>\n<\/div>\n\t\t\t\t\t\t\t\t\t\t\t\t\t\t\t\t\t\t\t\t\t\t\t\t\t\t\t\t\t\t<h2 class=\"paragraphs__content__title h3\">Alu+C-, un engagement visible \u00e0 tous les niveaux<\/h2>\n\t\t\t\t\t\t\t\t\t\t\t\t\t\t\t\t\t\t\t\t\t\t\t\t\t\t\t\t\t\t\t\t\t\t\t\t\t\t\t\t<div class=\"paragraphs__content__text\"><p>Pour pouvoir utiliser les FDES collectives du SNFA, les fabricants et concepteurs de syst\u00e8mes de fen\u00eatres et fa\u00e7ades s\u2019engagent \u00e0 s\u2019approvisionner en Alu+C- et \u00e0 respecter le cadre de validit\u00e9 de ces FDES via une attestation contresign\u00e9e par le SNFA. Cette attestation doit \u00eatre fournie en compl\u00e9ment de la FDES.<\/p>\n<p>Ainsi, les fabricants et concepteurs s\u2019engagent \u00e0 se fournir chez un fabricant de profil\u00e9s ayant r\u00e9alis\u00e9 un audit de son empreinte carbone selon la m\u00e9thodologie partag\u00e9e par la profession. Cela se traduit par une tra\u00e7abilit\u00e9 au niveau de l\u2019approvisionnement en billette et sur le proc\u00e9d\u00e9 de filage effectu\u00e9 par une tierce partie selon les crit\u00e8res de la d\u00e9marche Alu+C-.<\/p>\n<p>L\u2019objectif de la d\u00e9marche Alu+C- est d\u2019aider les prescripteurs et concepteurs dans leur choix de fen\u00eatres et de fa\u00e7ades pour rendre les b\u00e2timents plus durables, tout en cr\u00e9ant une ambiance saine pour les futurs utilisateurs.<\/p>\n<\/div>\n\t\t\t\t\t\t\t\t\t\t\t\t\t\t\t\t\t\t\t\t\t\t\t\t\t\t\t\t\t\t<h2 class=\"paragraphs__content__title h3\">Le recyclage fin de vie, un avantage incontournable pour l\u2019aluminium<\/h2>\n\t\t\t\t\t\t\t\t\t\t\t\t\t\t\t\t\t\t\t\t\t\t\t\t\t\t\t\t\t\t\t\t\t\t\t\t\t\t\t\t<div class=\"paragraphs__content__text\"><p>L\u2019aluminium issu de la d\u00e9construction ou de la r\u00e9novation des b\u00e2timents est facilement r\u00e9cup\u00e9r\u00e9 puis recycl\u00e9 \u00e0 hauteur de 95% gr\u00e2ce notamment \u00e0 sa valeur \u00e9conomique. Seulement 5% de l\u2019\u00e9nergie utilis\u00e9e pour sa production primaire sont n\u00e9cessaires pour remettre \u00e0 disposition une mati\u00e8re aux propri\u00e9t\u00e9s et qualit\u00e9s intrins\u00e8ques similaires.<\/p>\n<p>Le taux moyen de collecte des menuiseries provenant des b\u00e2timents est de 96% apr\u00e8s broyage et refonte. Cela repr\u00e9sente 93 % de recyclage effectif, selon une \u00e9tude europ\u00e9enne r\u00e9alis\u00e9e en 2003 par l\u2019Universit\u00e9 de Technologie de Delft sur demande de l\u2019Association Europ\u00e9enne de l\u2019Aluminium.<br \/>\nAujourd\u2019hui 40% des besoins de l\u2019aluminium en Europe sont satisfaits par l\u2019aluminium recycl\u00e9. Pr\u00e8s de 30% au niveau mondial (<a href=\"https:\/\/international-aluminium.org\/\" target=\"_blank\" rel=\"noopener\" style=\"font-weight: 400;\">source IAI<\/a>).<\/p>\n<p>Le recyclage de l\u2019aluminium est un enjeu strat\u00e9gique de la fili\u00e8re. Ainsi, l\u2019\u00e9valuation du profil environnemental des produits doit \u00eatre r\u00e9alis\u00e9e en consid\u00e9rant l\u2019ensemble de leur cycle de vie tout en favorisant les b\u00e9n\u00e9fices du recyclage en fin de vie sans se limiter \u00e0 la simple int\u00e9gration d\u2019un taux de mati\u00e8re recycl\u00e9e.<\/p>\n<\/div>\n\t\t\t\t\t\t\t\t\t\t\t\t\t\t\t\t\t\t\t\t\t\t<\/div>\n\t\t\t<\/div>\n\n\t<\/div>\n\n<\/div>\n\t<\/div>\n\n\t<\/div>\n","protected":false},"excerpt":{"rendered":"","protected":false},"author":21,"featured_media":0,"parent":621,"menu_order":0,"comment_status":"closed","ping_status":"closed","template":"","meta":{"_acf_changed":false,"footnotes":""},"class_list":["post-1294","page","type-page","status-publish","hentry"],"acf":[],"yoast_head":"<!-- This site is optimized with the Yoast SEO plugin v26.9 - https:\/\/yoast.com\/product\/yoast-seo-wordpress\/ -->\n<title>D\u00e9marche de tra\u00e7abilit\u00e9 Alu+C- B\u00e2tir en Alu.fr - Professionnels<\/title>\n<meta name=\"description\" content=\"Alu+C- : la d\u00e9marche de tra\u00e7abilit\u00e9 du SNFA pour r\u00e9duire l&#039;empreinte carbone des profil\u00e9s aluminium. Approvisionnement audit\u00e9, recyclage et conformit\u00e9 RE2020.\" \/>\n<meta name=\"robots\" content=\"index, follow, max-snippet:-1, max-image-preview:large, max-video-preview:-1\" \/>\n<link rel=\"canonical\" href=\"https:\/\/www.batir-en-alu.fr\/pros\/demarches-environnementales\/demarche-de-tracabilite-aluc\/\" \/>\n<meta property=\"og:locale\" content=\"fr_FR\" \/>\n<meta property=\"og:type\" content=\"article\" \/>\n<meta property=\"og:title\" content=\"D\u00e9marche de tra\u00e7abilit\u00e9 Alu+C- B\u00e2tir en Alu.fr - Professionnels\" \/>\n<meta property=\"og:description\" content=\"Alu+C- : la d\u00e9marche de tra\u00e7abilit\u00e9 du SNFA pour r\u00e9duire l&#039;empreinte carbone des profil\u00e9s aluminium. Approvisionnement audit\u00e9, recyclage et conformit\u00e9 RE2020.\" \/>\n<meta property=\"og:url\" content=\"https:\/\/www.batir-en-alu.fr\/pros\/demarches-environnementales\/demarche-de-tracabilite-aluc\/\" \/>\n<meta property=\"og:site_name\" content=\"B\u00e2tir en Alu.fr - Professionnels\" \/>\n<meta property=\"article:modified_time\" content=\"2026-02-25T09:31:31+00:00\" \/>\n<meta name=\"twitter:card\" content=\"summary_large_image\" \/>\n<script type=\"application\/ld+json\" class=\"yoast-schema-graph\">{\"@context\":\"https:\/\/schema.org\",\"@graph\":[{\"@type\":\"WebPage\",\"@id\":\"https:\/\/www.batir-en-alu.fr\/pros\/demarches-environnementales\/demarche-de-tracabilite-aluc\/\",\"url\":\"https:\/\/www.batir-en-alu.fr\/pros\/demarches-environnementales\/demarche-de-tracabilite-aluc\/\",\"name\":\"D\u00e9marche de tra\u00e7abilit\u00e9 Alu+C- B\u00e2tir en Alu.fr - Professionnels\",\"isPartOf\":{\"@id\":\"https:\/\/www.batir-en-alu.fr\/pros\/#website\"},\"datePublished\":\"2025-10-30T15:59:14+00:00\",\"dateModified\":\"2026-02-25T09:31:31+00:00\",\"description\":\"Alu+C- : la d\u00e9marche de tra\u00e7abilit\u00e9 du SNFA pour r\u00e9duire l'empreinte carbone des profil\u00e9s aluminium. Approvisionnement audit\u00e9, recyclage et conformit\u00e9 RE2020.\",\"breadcrumb\":{\"@id\":\"https:\/\/www.batir-en-alu.fr\/pros\/demarches-environnementales\/demarche-de-tracabilite-aluc\/#breadcrumb\"},\"inLanguage\":\"fr-FR\",\"potentialAction\":[{\"@type\":\"ReadAction\",\"target\":[\"https:\/\/www.batir-en-alu.fr\/pros\/demarches-environnementales\/demarche-de-tracabilite-aluc\/\"]}]},{\"@type\":\"BreadcrumbList\",\"@id\":\"https:\/\/www.batir-en-alu.fr\/pros\/demarches-environnementales\/demarche-de-tracabilite-aluc\/#breadcrumb\",\"itemListElement\":[{\"@type\":\"ListItem\",\"position\":1,\"name\":\"\u00b7\u00b7\u00b7\",\"item\":\"https:\/\/www.batir-en-alu.fr\/pros\"},{\"@type\":\"ListItem\",\"position\":2,\"name\":\"B\u00e2tir En Alu\",\"item\":\"https:\/\/www.batir-en-alu.fr\/\"},{\"@type\":\"ListItem\",\"position\":3,\"name\":\"Professionnels\",\"item\":\"https:\/\/www.batir-en-alu.fr\/pros\/\"},{\"@type\":\"ListItem\",\"position\":4,\"name\":\"D\u00e9marches environnementales\",\"item\":\"https:\/\/www.batir-en-alu.fr\/pros\/demarches-environnementales\/\"},{\"@type\":\"ListItem\",\"position\":5,\"name\":\"D\u00e9marche de tra\u00e7abilit\u00e9 Alu+C-\"}]},{\"@type\":\"WebSite\",\"@id\":\"https:\/\/www.batir-en-alu.fr\/pros\/#website\",\"url\":\"https:\/\/www.batir-en-alu.fr\/pros\/\",\"name\":\"B\u00e2tir en alu Professionnels\",\"description\":\"Professionnels de la Menuiserie aluminium\",\"publisher\":{\"@id\":\"https:\/\/www.batir-en-alu.fr\/pros\/#organization\"},\"potentialAction\":[{\"@type\":\"SearchAction\",\"target\":{\"@type\":\"EntryPoint\",\"urlTemplate\":\"https:\/\/www.batir-en-alu.fr\/pros\/?s={search_term_string}\"},\"query-input\":{\"@type\":\"PropertyValueSpecification\",\"valueRequired\":true,\"valueName\":\"search_term_string\"}}],\"inLanguage\":\"fr-FR\"},{\"@type\":\"Organization\",\"@id\":\"https:\/\/www.batir-en-alu.fr\/pros\/#organization\",\"name\":\"B\u00e2tir en alu Professionnels\",\"url\":\"https:\/\/www.batir-en-alu.fr\/pros\/\",\"logo\":{\"@type\":\"ImageObject\",\"inLanguage\":\"fr-FR\",\"@id\":\"https:\/\/www.batir-en-alu.fr\/pros\/#\/schema\/logo\/image\/\",\"url\":\"https:\/\/www.batir-en-alu.fr\/pros\/wp-content\/uploads\/sites\/3\/2026\/03\/logo-batir-en-alu-pro.webp\",\"contentUrl\":\"https:\/\/www.batir-en-alu.fr\/pros\/wp-content\/uploads\/sites\/3\/2026\/03\/logo-batir-en-alu-pro.webp\",\"width\":276,\"height\":310,\"caption\":\"B\u00e2tir en alu Professionnels\"},\"image\":{\"@id\":\"https:\/\/www.batir-en-alu.fr\/pros\/#\/schema\/logo\/image\/\"}}]}<\/script>\n<!-- \/ Yoast SEO plugin. -->","yoast_head_json":{"title":"D\u00e9marche de tra\u00e7abilit\u00e9 Alu+C- B\u00e2tir en Alu.fr - Professionnels","description":"Alu+C- : la d\u00e9marche de tra\u00e7abilit\u00e9 du SNFA pour r\u00e9duire l'empreinte carbone des profil\u00e9s aluminium. Approvisionnement audit\u00e9, recyclage et conformit\u00e9 RE2020.","robots":{"index":"index","follow":"follow","max-snippet":"max-snippet:-1","max-image-preview":"max-image-preview:large","max-video-preview":"max-video-preview:-1"},"canonical":"https:\/\/www.batir-en-alu.fr\/pros\/demarches-environnementales\/demarche-de-tracabilite-aluc\/","og_locale":"fr_FR","og_type":"article","og_title":"D\u00e9marche de tra\u00e7abilit\u00e9 Alu+C- B\u00e2tir en Alu.fr - Professionnels","og_description":"Alu+C- : la d\u00e9marche de tra\u00e7abilit\u00e9 du SNFA pour r\u00e9duire l'empreinte carbone des profil\u00e9s aluminium. Approvisionnement audit\u00e9, recyclage et conformit\u00e9 RE2020.","og_url":"https:\/\/www.batir-en-alu.fr\/pros\/demarches-environnementales\/demarche-de-tracabilite-aluc\/","og_site_name":"B\u00e2tir en Alu.fr - Professionnels","article_modified_time":"2026-02-25T09:31:31+00:00","twitter_card":"summary_large_image","schema":{"@context":"https:\/\/schema.org","@graph":[{"@type":"WebPage","@id":"https:\/\/www.batir-en-alu.fr\/pros\/demarches-environnementales\/demarche-de-tracabilite-aluc\/","url":"https:\/\/www.batir-en-alu.fr\/pros\/demarches-environnementales\/demarche-de-tracabilite-aluc\/","name":"D\u00e9marche de tra\u00e7abilit\u00e9 Alu+C- B\u00e2tir en Alu.fr - Professionnels","isPartOf":{"@id":"https:\/\/www.batir-en-alu.fr\/pros\/#website"},"datePublished":"2025-10-30T15:59:14+00:00","dateModified":"2026-02-25T09:31:31+00:00","description":"Alu+C- : la d\u00e9marche de tra\u00e7abilit\u00e9 du SNFA pour r\u00e9duire l'empreinte carbone des profil\u00e9s aluminium. Approvisionnement audit\u00e9, recyclage et conformit\u00e9 RE2020.","breadcrumb":{"@id":"https:\/\/www.batir-en-alu.fr\/pros\/demarches-environnementales\/demarche-de-tracabilite-aluc\/#breadcrumb"},"inLanguage":"fr-FR","potentialAction":[{"@type":"ReadAction","target":["https:\/\/www.batir-en-alu.fr\/pros\/demarches-environnementales\/demarche-de-tracabilite-aluc\/"]}]},{"@type":"BreadcrumbList","@id":"https:\/\/www.batir-en-alu.fr\/pros\/demarches-environnementales\/demarche-de-tracabilite-aluc\/#breadcrumb","itemListElement":[{"@type":"ListItem","position":1,"name":"\u00b7\u00b7\u00b7","item":"https:\/\/www.batir-en-alu.fr\/pros"},{"@type":"ListItem","position":2,"name":"B\u00e2tir En Alu","item":"https:\/\/www.batir-en-alu.fr\/"},{"@type":"ListItem","position":3,"name":"Professionnels","item":"https:\/\/www.batir-en-alu.fr\/pros\/"},{"@type":"ListItem","position":4,"name":"D\u00e9marches environnementales","item":"https:\/\/www.batir-en-alu.fr\/pros\/demarches-environnementales\/"},{"@type":"ListItem","position":5,"name":"D\u00e9marche de tra\u00e7abilit\u00e9 Alu+C-"}]},{"@type":"WebSite","@id":"https:\/\/www.batir-en-alu.fr\/pros\/#website","url":"https:\/\/www.batir-en-alu.fr\/pros\/","name":"B\u00e2tir en alu Professionnels","description":"Professionnels de la Menuiserie aluminium","publisher":{"@id":"https:\/\/www.batir-en-alu.fr\/pros\/#organization"},"potentialAction":[{"@type":"SearchAction","target":{"@type":"EntryPoint","urlTemplate":"https:\/\/www.batir-en-alu.fr\/pros\/?s={search_term_string}"},"query-input":{"@type":"PropertyValueSpecification","valueRequired":true,"valueName":"search_term_string"}}],"inLanguage":"fr-FR"},{"@type":"Organization","@id":"https:\/\/www.batir-en-alu.fr\/pros\/#organization","name":"B\u00e2tir en alu Professionnels","url":"https:\/\/www.batir-en-alu.fr\/pros\/","logo":{"@type":"ImageObject","inLanguage":"fr-FR","@id":"https:\/\/www.batir-en-alu.fr\/pros\/#\/schema\/logo\/image\/","url":"https:\/\/www.batir-en-alu.fr\/pros\/wp-content\/uploads\/sites\/3\/2026\/03\/logo-batir-en-alu-pro.webp","contentUrl":"https:\/\/www.batir-en-alu.fr\/pros\/wp-content\/uploads\/sites\/3\/2026\/03\/logo-batir-en-alu-pro.webp","width":276,"height":310,"caption":"B\u00e2tir en alu Professionnels"},"image":{"@id":"https:\/\/www.batir-en-alu.fr\/pros\/#\/schema\/logo\/image\/"}}]}},"_links":{"self":[{"href":"https:\/\/www.batir-en-alu.fr\/pros\/wp-json\/wp\/v2\/pages\/1294","targetHints":{"allow":["GET"]}}],"collection":[{"href":"https:\/\/www.batir-en-alu.fr\/pros\/wp-json\/wp\/v2\/pages"}],"about":[{"href":"https:\/\/www.batir-en-alu.fr\/pros\/wp-json\/wp\/v2\/types\/page"}],"author":[{"embeddable":true,"href":"https:\/\/www.batir-en-alu.fr\/pros\/wp-json\/wp\/v2\/users\/21"}],"replies":[{"embeddable":true,"href":"https:\/\/www.batir-en-alu.fr\/pros\/wp-json\/wp\/v2\/comments?post=1294"}],"version-history":[{"count":5,"href":"https:\/\/www.batir-en-alu.fr\/pros\/wp-json\/wp\/v2\/pages\/1294\/revisions"}],"predecessor-version":[{"id":2351,"href":"https:\/\/www.batir-en-alu.fr\/pros\/wp-json\/wp\/v2\/pages\/1294\/revisions\/2351"}],"up":[{"embeddable":true,"href":"https:\/\/www.batir-en-alu.fr\/pros\/wp-json\/wp\/v2\/pages\/621"}],"wp:attachment":[{"href":"https:\/\/www.batir-en-alu.fr\/pros\/wp-json\/wp\/v2\/media?parent=1294"}],"curies":[{"name":"wp","href":"https:\/\/api.w.org\/{rel}","templated":true}]}}