{"id":1005,"date":"2025-10-23T11:52:21","date_gmt":"2025-10-23T09:52:21","guid":{"rendered":"https:\/\/snfa.grouperougevif.fr\/pros\/?page_id=1005"},"modified":"2026-02-25T10:44:40","modified_gmt":"2026-02-25T09:44:40","slug":"les-garde-corps-alu-pour-une-multitude-de-formes-et-de-couleurs","status":"publish","type":"page","link":"https:\/\/www.batir-en-alu.fr\/pros\/menuiserie-aluminium\/garde-corps-en-aluminium\/les-garde-corps-alu-pour-une-multitude-de-formes-et-de-couleurs\/","title":{"rendered":"Les garde-corps alu pour une multitude de formes et de couleurs"},"content":{"rendered":"\n\n\n\t<div class=\"align wp-block-acf-layout-wrap\">\n\n\t\n\n\t\t<div class=\"layout-wrap\" >\n\t\t<div class=\"innerblock\">\n\n\n\n\t<div class=\"wp-block-acf-container\">\n\n\t\n\n\t\t<div class=\"container\" >\n\t\t<div class=\"innerblock\">\n\n<p><strong>Droits, courb\u00e9s, sur murets ou inclin\u00e9s, les garde-corps en aluminium s&#8217;adaptent avec \u00e9l\u00e9gance \u00e0 toutes les configurations, en neuf comme en r\u00e9novation. R\u00e9pondant parfaitement aux tendances actuelles, les garde-corps autorisent une large diversit\u00e9 de mod\u00e8les permettant l&#8217;accord parfait avec l&#8217;architecture.<\/strong><\/p>\n\n<\/div>\n\t<\/div>\n\n\t<\/div>\n\n\n\n\n\n\t<div class=\"align wp-block-acf-responsive-image\">\n\n\t\n\n\t<div class=\"responsive-image\">\n\t\t\t\t<img decoding=\"async\" class=\"img img-mobile\" src=\"https:\/\/www.batir-en-alu.fr\/pros\/wp-content\/uploads\/sites\/3\/2025\/11\/photo3-e1768903848515.jpg\" srcset=\"\" sizes=\"(max-width: 500px) 100vw, 500px\" loading=\"lazy\" alt=\"Les garde-corps alu pour une multitude de formes et de couleurs\"\/>\n\t\t\t\t\t<img decoding=\"async\" class=\"img img-desktop\" src=\"https:\/\/www.batir-en-alu.fr\/pros\/wp-content\/uploads\/sites\/3\/2025\/11\/photo3-e1768903848515.jpg\" srcset=\"\" sizes=\"(max-width: 500px) 100vw, 500px\" loading=\"lazy\" alt=\"Les garde-corps alu pour une multitude de formes et de couleurs\"\/>\n\t<\/div>\n\n\t<\/div>\n\n\n\n\n\n\t<div class=\"align wp-block-acf-paragraphs\">\n\n\t\n\n\t\t<div class=\"paragraphs container\">\n\n\t\t\t\t\t\t\t<div class=\"paragraphs__content\">\n\t\t\t\t\t\t\t\t\t\t\t\t\t\t\t<h2 class=\"paragraphs__content__title h3\">Une infinit\u00e9 de couleur et d&#8217;aspects<\/h2>\n\t\t\t\t\t\t\t\t\t\t\t\t\t\t\t\t\t\t\t\t\t\t\t\t\t\t\t\t\t\t\t\t\t\t\t\t\t\t\t\t<div class=\"paragraphs__content__text\"><p>Gr\u00e2ce \u00e0 l\u2019usage des profil\u00e9s aluminium et aux nombreux traitements de surface disponibles (thermolaquage, anodisation), les garde-corps offrent une multitude de couleurs et d\u2019aspects : imitation bois, aspect mat ou brillant, rouges ou gris anthracite\u2026les garde-corps habillent et personnalisent tous les types de fa\u00e7ades.<\/p>\n<p>Ainsi, une habitation de style classique se verra r\u00e9hauss\u00e9e par un garde-corps \u00e0 remplissage avec croix de saint-andr\u00e9. Des immeubles collectifs se verront quant \u00e0 eux illumin\u00e9s par des garde-corps \u00e0 remplissage (remplissage en verre clair ou translucide, s\u00e9rigraphi\u00e9s ou de couleur, en panneau composite ou en t\u00f4le perfor\u00e9e ou pleine).<\/p>\n<p>Tubulaires, droits ou cintr\u00e9s, rectilignes ou ovo\u00efdes, les garde-corps \u00e0 barreaudage s\u2019adaptent avec aisance aux balcons et loggias.<\/p>\n<\/div>\n\t\t\t\t\t\t\t\t\t\t\t\t\t\t\t\t\t\t\t\t\t\t\t\t\t\t\t\t\t\t<h2 class=\"paragraphs__content__title h3\">Une facilit\u00e9 de mise en \u0153uvre <\/h2>\n\t\t\t\t\t\t\t\t\t\t\t\t\t\t\t\t\t\t\t\t\t\t\t\t\t\t\t\t\t\t\t\t\t\t\t\t\t\t\t\t<div class=\"paragraphs__content__text\"><p>Facile d\u2019entretien et presque 3 fois plus l\u00e9gers que l\u2019acier, le profil\u00e9 en aluminium facilite la mise en \u0153uvre de l\u2019ouvrage. Cette facilit\u00e9 de mise en \u0153uvre conf\u00e8re aux garde-corps diff\u00e9rentes possibilit\u00e9s de tramage\u00a0: les garde-corps sont con\u00e7us sur-mesure et permettent une adaptation et un r\u00e9glage faciles avec les diff\u00e9rents accessoires qui existent (cales de r\u00e9glage tridimensionnelle, raccords articul\u00e9s, brides r\u00e9glables etc\u2026).<\/p>\n<p>En outre, l\u2019assemblage m\u00e9canique sp\u00e9cifique aux profil\u00e9s alu, permet le remplacement facile d\u2019un \u00e9l\u00e9ment isol\u00e9.<\/p>\n<\/div>\n\t\t\t\t\t\t\t\t\t\t\t\t\t\t\t\t\t\t\t\t\t\t\t\t\t\t\t\t\t\t<h2 class=\"paragraphs__content__title h3\">Les mains courantes : la touche d\u00e9co suppl\u00e9mentaire<\/h2>\n\t\t\t\t\t\t\t\t\t\t\t\t\t\t\t\t\t\t\t\t\t\t\t\t\t\t\t\t\t\t\t\t\t\t\t\t\t\t\t\t<div class=\"paragraphs__content__text\"><p>Droite ou rampante, les mains courantes\u00a0ou barres d\u2019appui font partie int\u00e9grante du garde-corps. Gr\u00e2ce \u00e0 l\u2019emploi des profil\u00e9s aluminium, les formes et les couleurs se confondent et multiplient les possibilit\u00e9s de personnalisation des garde-corps.<\/p>\n<p>Arrondies pour un charme rustique ou d\u2019aspect \u00e9pur\u00e9 pour un style contemporain, les mains courantes s\u2019adaptent \u00e0 toutes les architectures.<\/p>\n<\/div>\n\t\t\t\t\t\t\t\t\t\t\t\t\t\t\t\t\t\t\t\t\t\t<\/div>\n\t\t\t<\/div>\n\n\t<\/div>\n\n<\/div>\n\t<\/div>\n\n\t<\/div>\n","protected":false},"excerpt":{"rendered":"","protected":false},"author":21,"featured_media":1006,"parent":544,"menu_order":0,"comment_status":"closed","ping_status":"closed","template":"","meta":{"_acf_changed":false,"footnotes":""},"class_list":["post-1005","page","type-page","status-publish","has-post-thumbnail","hentry"],"acf":[],"yoast_head":"<!-- This site is optimized with the Yoast SEO plugin v26.9 - https:\/\/yoast.com\/product\/yoast-seo-wordpress\/ -->\n<title>Les garde-corps alu pour une multitude de formes et de couleurs - B\u00e2tir en Alu.fr - Professionnels<\/title>\n<meta name=\"description\" content=\"Garde-corps aluminium : formes, couleurs et finitions sur mesure. Droits, cintr\u00e9s, barreaudage ou remplissage verre et t\u00f4le. Pose facile en neuf et r\u00e9novation.\" \/>\n<meta name=\"robots\" content=\"index, follow, max-snippet:-1, max-image-preview:large, max-video-preview:-1\" \/>\n<link rel=\"canonical\" href=\"https:\/\/www.batir-en-alu.fr\/pros\/menuiserie-aluminium\/garde-corps-en-aluminium\/les-garde-corps-alu-pour-une-multitude-de-formes-et-de-couleurs\/\" \/>\n<meta property=\"og:locale\" content=\"fr_FR\" \/>\n<meta property=\"og:type\" content=\"article\" \/>\n<meta property=\"og:title\" content=\"Les garde-corps alu pour une multitude de formes et de couleurs - B\u00e2tir en Alu.fr - Professionnels\" \/>\n<meta property=\"og:description\" content=\"Garde-corps aluminium : formes, couleurs et finitions sur mesure. Droits, cintr\u00e9s, barreaudage ou remplissage verre et t\u00f4le. Pose facile en neuf et r\u00e9novation.\" \/>\n<meta property=\"og:url\" content=\"https:\/\/www.batir-en-alu.fr\/pros\/menuiserie-aluminium\/garde-corps-en-aluminium\/les-garde-corps-alu-pour-une-multitude-de-formes-et-de-couleurs\/\" \/>\n<meta property=\"og:site_name\" content=\"B\u00e2tir en Alu.fr - Professionnels\" \/>\n<meta property=\"article:modified_time\" content=\"2026-02-25T09:44:40+00:00\" \/>\n<meta property=\"og:image\" content=\"https:\/\/www.batir-en-alu.fr\/pros\/wp-content\/uploads\/sites\/3\/2025\/10\/garde-corps.png\" \/>\n\t<meta property=\"og:image:width\" content=\"173\" \/>\n\t<meta property=\"og:image:height\" content=\"180\" \/>\n\t<meta property=\"og:image:type\" content=\"image\/png\" \/>\n<meta name=\"twitter:card\" content=\"summary_large_image\" \/>\n<meta name=\"twitter:label1\" content=\"Dur\u00e9e de lecture estim\u00e9e\" \/>\n\t<meta name=\"twitter:data1\" content=\"1 minute\" \/>\n<script type=\"application\/ld+json\" class=\"yoast-schema-graph\">{\"@context\":\"https:\/\/schema.org\",\"@graph\":[{\"@type\":\"WebPage\",\"@id\":\"https:\/\/www.batir-en-alu.fr\/pros\/menuiserie-aluminium\/garde-corps-en-aluminium\/les-garde-corps-alu-pour-une-multitude-de-formes-et-de-couleurs\/\",\"url\":\"https:\/\/www.batir-en-alu.fr\/pros\/menuiserie-aluminium\/garde-corps-en-aluminium\/les-garde-corps-alu-pour-une-multitude-de-formes-et-de-couleurs\/\",\"name\":\"Les garde-corps alu pour une multitude de formes et de couleurs - B\u00e2tir en Alu.fr - Professionnels\",\"isPartOf\":{\"@id\":\"https:\/\/www.batir-en-alu.fr\/pros\/#website\"},\"primaryImageOfPage\":{\"@id\":\"https:\/\/www.batir-en-alu.fr\/pros\/menuiserie-aluminium\/garde-corps-en-aluminium\/les-garde-corps-alu-pour-une-multitude-de-formes-et-de-couleurs\/#primaryimage\"},\"image\":{\"@id\":\"https:\/\/www.batir-en-alu.fr\/pros\/menuiserie-aluminium\/garde-corps-en-aluminium\/les-garde-corps-alu-pour-une-multitude-de-formes-et-de-couleurs\/#primaryimage\"},\"thumbnailUrl\":\"https:\/\/www.batir-en-alu.fr\/pros\/wp-content\/uploads\/sites\/3\/2025\/10\/garde-corps.png\",\"datePublished\":\"2025-10-23T09:52:21+00:00\",\"dateModified\":\"2026-02-25T09:44:40+00:00\",\"description\":\"Garde-corps aluminium : formes, couleurs et finitions sur mesure. Droits, cintr\u00e9s, barreaudage ou remplissage verre et t\u00f4le. Pose facile en neuf et r\u00e9novation.\",\"breadcrumb\":{\"@id\":\"https:\/\/www.batir-en-alu.fr\/pros\/menuiserie-aluminium\/garde-corps-en-aluminium\/les-garde-corps-alu-pour-une-multitude-de-formes-et-de-couleurs\/#breadcrumb\"},\"inLanguage\":\"fr-FR\",\"potentialAction\":[{\"@type\":\"ReadAction\",\"target\":[\"https:\/\/www.batir-en-alu.fr\/pros\/menuiserie-aluminium\/garde-corps-en-aluminium\/les-garde-corps-alu-pour-une-multitude-de-formes-et-de-couleurs\/\"]}]},{\"@type\":\"ImageObject\",\"inLanguage\":\"fr-FR\",\"@id\":\"https:\/\/www.batir-en-alu.fr\/pros\/menuiserie-aluminium\/garde-corps-en-aluminium\/les-garde-corps-alu-pour-une-multitude-de-formes-et-de-couleurs\/#primaryimage\",\"url\":\"https:\/\/www.batir-en-alu.fr\/pros\/wp-content\/uploads\/sites\/3\/2025\/10\/garde-corps.png\",\"contentUrl\":\"https:\/\/www.batir-en-alu.fr\/pros\/wp-content\/uploads\/sites\/3\/2025\/10\/garde-corps.png\",\"width\":173,\"height\":180},{\"@type\":\"BreadcrumbList\",\"@id\":\"https:\/\/www.batir-en-alu.fr\/pros\/menuiserie-aluminium\/garde-corps-en-aluminium\/les-garde-corps-alu-pour-une-multitude-de-formes-et-de-couleurs\/#breadcrumb\",\"itemListElement\":[{\"@type\":\"ListItem\",\"position\":1,\"name\":\"\u00b7\u00b7\u00b7\",\"item\":\"https:\/\/www.batir-en-alu.fr\/pros\"},{\"@type\":\"ListItem\",\"position\":2,\"name\":\"B\u00e2tir En Alu\",\"item\":\"https:\/\/www.batir-en-alu.fr\/\"},{\"@type\":\"ListItem\",\"position\":3,\"name\":\"Professionnels\",\"item\":\"https:\/\/www.batir-en-alu.fr\/pros\/\"},{\"@type\":\"ListItem\",\"position\":4,\"name\":\"La menuiserie aluminium\",\"item\":\"https:\/\/www.batir-en-alu.fr\/pros\/menuiserie-aluminium\/\"},{\"@type\":\"ListItem\",\"position\":5,\"name\":\"Le garde-corps en aluminium\",\"item\":\"https:\/\/www.batir-en-alu.fr\/pros\/menuiserie-aluminium\/garde-corps-en-aluminium\/\"},{\"@type\":\"ListItem\",\"position\":6,\"name\":\"Les garde-corps alu pour une multitude de formes et de couleurs\"}]},{\"@type\":\"WebSite\",\"@id\":\"https:\/\/www.batir-en-alu.fr\/pros\/#website\",\"url\":\"https:\/\/www.batir-en-alu.fr\/pros\/\",\"name\":\"B\u00e2tir en alu Professionnels\",\"description\":\"Professionnels de la Menuiserie aluminium\",\"publisher\":{\"@id\":\"https:\/\/www.batir-en-alu.fr\/pros\/#organization\"},\"potentialAction\":[{\"@type\":\"SearchAction\",\"target\":{\"@type\":\"EntryPoint\",\"urlTemplate\":\"https:\/\/www.batir-en-alu.fr\/pros\/?s={search_term_string}\"},\"query-input\":{\"@type\":\"PropertyValueSpecification\",\"valueRequired\":true,\"valueName\":\"search_term_string\"}}],\"inLanguage\":\"fr-FR\"},{\"@type\":\"Organization\",\"@id\":\"https:\/\/www.batir-en-alu.fr\/pros\/#organization\",\"name\":\"B\u00e2tir en alu Professionnels\",\"url\":\"https:\/\/www.batir-en-alu.fr\/pros\/\",\"logo\":{\"@type\":\"ImageObject\",\"inLanguage\":\"fr-FR\",\"@id\":\"https:\/\/www.batir-en-alu.fr\/pros\/#\/schema\/logo\/image\/\",\"url\":\"https:\/\/www.batir-en-alu.fr\/pros\/wp-content\/uploads\/sites\/3\/2026\/03\/logo-batir-en-alu-pro.webp\",\"contentUrl\":\"https:\/\/www.batir-en-alu.fr\/pros\/wp-content\/uploads\/sites\/3\/2026\/03\/logo-batir-en-alu-pro.webp\",\"width\":276,\"height\":310,\"caption\":\"B\u00e2tir en alu Professionnels\"},\"image\":{\"@id\":\"https:\/\/www.batir-en-alu.fr\/pros\/#\/schema\/logo\/image\/\"}}]}<\/script>\n<!-- \/ Yoast SEO plugin. -->","yoast_head_json":{"title":"Les garde-corps alu pour une multitude de formes et de couleurs - B\u00e2tir en Alu.fr - Professionnels","description":"Garde-corps aluminium : formes, couleurs et finitions sur mesure. Droits, cintr\u00e9s, barreaudage ou remplissage verre et t\u00f4le. Pose facile en neuf et r\u00e9novation.","robots":{"index":"index","follow":"follow","max-snippet":"max-snippet:-1","max-image-preview":"max-image-preview:large","max-video-preview":"max-video-preview:-1"},"canonical":"https:\/\/www.batir-en-alu.fr\/pros\/menuiserie-aluminium\/garde-corps-en-aluminium\/les-garde-corps-alu-pour-une-multitude-de-formes-et-de-couleurs\/","og_locale":"fr_FR","og_type":"article","og_title":"Les garde-corps alu pour une multitude de formes et de couleurs - B\u00e2tir en Alu.fr - Professionnels","og_description":"Garde-corps aluminium : formes, couleurs et finitions sur mesure. Droits, cintr\u00e9s, barreaudage ou remplissage verre et t\u00f4le. Pose facile en neuf et r\u00e9novation.","og_url":"https:\/\/www.batir-en-alu.fr\/pros\/menuiserie-aluminium\/garde-corps-en-aluminium\/les-garde-corps-alu-pour-une-multitude-de-formes-et-de-couleurs\/","og_site_name":"B\u00e2tir en Alu.fr - Professionnels","article_modified_time":"2026-02-25T09:44:40+00:00","og_image":[{"width":173,"height":180,"url":"https:\/\/www.batir-en-alu.fr\/pros\/wp-content\/uploads\/sites\/3\/2025\/10\/garde-corps.png","type":"image\/png"}],"twitter_card":"summary_large_image","twitter_misc":{"Dur\u00e9e de lecture estim\u00e9e":"1 minute"},"schema":{"@context":"https:\/\/schema.org","@graph":[{"@type":"WebPage","@id":"https:\/\/www.batir-en-alu.fr\/pros\/menuiserie-aluminium\/garde-corps-en-aluminium\/les-garde-corps-alu-pour-une-multitude-de-formes-et-de-couleurs\/","url":"https:\/\/www.batir-en-alu.fr\/pros\/menuiserie-aluminium\/garde-corps-en-aluminium\/les-garde-corps-alu-pour-une-multitude-de-formes-et-de-couleurs\/","name":"Les garde-corps alu pour une multitude de formes et de couleurs - B\u00e2tir en Alu.fr - Professionnels","isPartOf":{"@id":"https:\/\/www.batir-en-alu.fr\/pros\/#website"},"primaryImageOfPage":{"@id":"https:\/\/www.batir-en-alu.fr\/pros\/menuiserie-aluminium\/garde-corps-en-aluminium\/les-garde-corps-alu-pour-une-multitude-de-formes-et-de-couleurs\/#primaryimage"},"image":{"@id":"https:\/\/www.batir-en-alu.fr\/pros\/menuiserie-aluminium\/garde-corps-en-aluminium\/les-garde-corps-alu-pour-une-multitude-de-formes-et-de-couleurs\/#primaryimage"},"thumbnailUrl":"https:\/\/www.batir-en-alu.fr\/pros\/wp-content\/uploads\/sites\/3\/2025\/10\/garde-corps.png","datePublished":"2025-10-23T09:52:21+00:00","dateModified":"2026-02-25T09:44:40+00:00","description":"Garde-corps aluminium : formes, couleurs et finitions sur mesure. Droits, cintr\u00e9s, barreaudage ou remplissage verre et t\u00f4le. Pose facile en neuf et r\u00e9novation.","breadcrumb":{"@id":"https:\/\/www.batir-en-alu.fr\/pros\/menuiserie-aluminium\/garde-corps-en-aluminium\/les-garde-corps-alu-pour-une-multitude-de-formes-et-de-couleurs\/#breadcrumb"},"inLanguage":"fr-FR","potentialAction":[{"@type":"ReadAction","target":["https:\/\/www.batir-en-alu.fr\/pros\/menuiserie-aluminium\/garde-corps-en-aluminium\/les-garde-corps-alu-pour-une-multitude-de-formes-et-de-couleurs\/"]}]},{"@type":"ImageObject","inLanguage":"fr-FR","@id":"https:\/\/www.batir-en-alu.fr\/pros\/menuiserie-aluminium\/garde-corps-en-aluminium\/les-garde-corps-alu-pour-une-multitude-de-formes-et-de-couleurs\/#primaryimage","url":"https:\/\/www.batir-en-alu.fr\/pros\/wp-content\/uploads\/sites\/3\/2025\/10\/garde-corps.png","contentUrl":"https:\/\/www.batir-en-alu.fr\/pros\/wp-content\/uploads\/sites\/3\/2025\/10\/garde-corps.png","width":173,"height":180},{"@type":"BreadcrumbList","@id":"https:\/\/www.batir-en-alu.fr\/pros\/menuiserie-aluminium\/garde-corps-en-aluminium\/les-garde-corps-alu-pour-une-multitude-de-formes-et-de-couleurs\/#breadcrumb","itemListElement":[{"@type":"ListItem","position":1,"name":"\u00b7\u00b7\u00b7","item":"https:\/\/www.batir-en-alu.fr\/pros"},{"@type":"ListItem","position":2,"name":"B\u00e2tir En Alu","item":"https:\/\/www.batir-en-alu.fr\/"},{"@type":"ListItem","position":3,"name":"Professionnels","item":"https:\/\/www.batir-en-alu.fr\/pros\/"},{"@type":"ListItem","position":4,"name":"La menuiserie aluminium","item":"https:\/\/www.batir-en-alu.fr\/pros\/menuiserie-aluminium\/"},{"@type":"ListItem","position":5,"name":"Le garde-corps en aluminium","item":"https:\/\/www.batir-en-alu.fr\/pros\/menuiserie-aluminium\/garde-corps-en-aluminium\/"},{"@type":"ListItem","position":6,"name":"Les garde-corps alu pour une multitude de formes et de couleurs"}]},{"@type":"WebSite","@id":"https:\/\/www.batir-en-alu.fr\/pros\/#website","url":"https:\/\/www.batir-en-alu.fr\/pros\/","name":"B\u00e2tir en alu Professionnels","description":"Professionnels de la Menuiserie aluminium","publisher":{"@id":"https:\/\/www.batir-en-alu.fr\/pros\/#organization"},"potentialAction":[{"@type":"SearchAction","target":{"@type":"EntryPoint","urlTemplate":"https:\/\/www.batir-en-alu.fr\/pros\/?s={search_term_string}"},"query-input":{"@type":"PropertyValueSpecification","valueRequired":true,"valueName":"search_term_string"}}],"inLanguage":"fr-FR"},{"@type":"Organization","@id":"https:\/\/www.batir-en-alu.fr\/pros\/#organization","name":"B\u00e2tir en alu Professionnels","url":"https:\/\/www.batir-en-alu.fr\/pros\/","logo":{"@type":"ImageObject","inLanguage":"fr-FR","@id":"https:\/\/www.batir-en-alu.fr\/pros\/#\/schema\/logo\/image\/","url":"https:\/\/www.batir-en-alu.fr\/pros\/wp-content\/uploads\/sites\/3\/2026\/03\/logo-batir-en-alu-pro.webp","contentUrl":"https:\/\/www.batir-en-alu.fr\/pros\/wp-content\/uploads\/sites\/3\/2026\/03\/logo-batir-en-alu-pro.webp","width":276,"height":310,"caption":"B\u00e2tir en alu Professionnels"},"image":{"@id":"https:\/\/www.batir-en-alu.fr\/pros\/#\/schema\/logo\/image\/"}}]}},"_links":{"self":[{"href":"https:\/\/www.batir-en-alu.fr\/pros\/wp-json\/wp\/v2\/pages\/1005","targetHints":{"allow":["GET"]}}],"collection":[{"href":"https:\/\/www.batir-en-alu.fr\/pros\/wp-json\/wp\/v2\/pages"}],"about":[{"href":"https:\/\/www.batir-en-alu.fr\/pros\/wp-json\/wp\/v2\/types\/page"}],"author":[{"embeddable":true,"href":"https:\/\/www.batir-en-alu.fr\/pros\/wp-json\/wp\/v2\/users\/21"}],"replies":[{"embeddable":true,"href":"https:\/\/www.batir-en-alu.fr\/pros\/wp-json\/wp\/v2\/comments?post=1005"}],"version-history":[{"count":29,"href":"https:\/\/www.batir-en-alu.fr\/pros\/wp-json\/wp\/v2\/pages\/1005\/revisions"}],"predecessor-version":[{"id":2210,"href":"https:\/\/www.batir-en-alu.fr\/pros\/wp-json\/wp\/v2\/pages\/1005\/revisions\/2210"}],"up":[{"embeddable":true,"href":"https:\/\/www.batir-en-alu.fr\/pros\/wp-json\/wp\/v2\/pages\/544"}],"wp:featuredmedia":[{"embeddable":true,"href":"https:\/\/www.batir-en-alu.fr\/pros\/wp-json\/wp\/v2\/media\/1006"}],"wp:attachment":[{"href":"https:\/\/www.batir-en-alu.fr\/pros\/wp-json\/wp\/v2\/media?parent=1005"}],"curies":[{"name":"wp","href":"https:\/\/api.w.org\/{rel}","templated":true}]}}